{"id":1532,"date":"2019-11-13T15:54:41","date_gmt":"2019-11-13T18:54:41","guid":{"rendered":"http:\/\/seer.ufal.br\/portalsibi\/?page_id=1532"},"modified":"2019-11-28T00:51:13","modified_gmt":"2019-11-28T03:51:13","slug":"treinamento-portal-periodico-capes","status":"publish","type":"page","link":"https:\/\/sibi.ufal.br\/portal\/?page_id=1532","title":{"rendered":"Treinamento &#8211; Portal Peri\u00f3dico\/CAPES"},"content":{"rendered":"\t\t<div data-elementor-type=\"post\" data-elementor-id=\"1532\" class=\"elementor elementor-1532\" data-elementor-settings=\"[]\">\n\t\t\t<div class=\"elementor-inner\">\n\t\t\t\t<div class=\"elementor-section-wrap\">\n\t\t\t\t\t\t\t<section class=\"elementor-element elementor-element-5ae58f6 elementor-section-boxed elementor-section-height-default elementor-section-height-default elementor-section elementor-top-section\" data-id=\"5ae58f6\" data-element_type=\"section\">\n\t\t\t\t\t\t<div class=\"elementor-container elementor-column-gap-default\">\n\t\t\t\t<div class=\"elementor-row\">\n\t\t\t\t<div class=\"elementor-element elementor-element-c8ebd33 elementor-column elementor-col-100 elementor-top-column\" data-id=\"c8ebd33\" data-element_type=\"column\">\n\t\t\t<div class=\"elementor-column-wrap  elementor-element-populated\">\n\t\t\t\t\t<div class=\"elementor-widget-wrap\">\n\t\t\t\t<div class=\"elementor-element elementor-element-aeb5b07 elementor-widget elementor-widget-heading\" data-id=\"aeb5b07\" data-element_type=\"widget\" data-widget_type=\"heading.default\">\n\t\t\t\t<div class=\"elementor-widget-container\">\n\t\t\t<h2 class=\"elementor-heading-title elementor-size-default\">Treinamento - Bases do Portal CAPES<\/h2>\t\t<\/div>\n\t\t\t\t<\/div>\n\t\t\t\t\t\t<\/div>\n\t\t\t<\/div>\n\t\t<\/div>\n\t\t\t\t\t\t<\/div>\n\t\t\t<\/div>\n\t\t<\/section>\n\t\t\t\t<section class=\"elementor-element elementor-element-c30b297 elementor-section-boxed elementor-section-height-default elementor-section-height-default elementor-section elementor-top-section\" data-id=\"c30b297\" data-element_type=\"section\">\n\t\t\t\t\t\t<div class=\"elementor-container elementor-column-gap-default\">\n\t\t\t\t<div class=\"elementor-row\">\n\t\t\t\t<div class=\"elementor-element elementor-element-27be786 elementor-column elementor-col-100 elementor-top-column\" data-id=\"27be786\" data-element_type=\"column\">\n\t\t\t<div class=\"elementor-column-wrap  elementor-element-populated\">\n\t\t\t\t\t<div class=\"elementor-widget-wrap\">\n\t\t\t\t<div class=\"elementor-element elementor-element-8d0842d elementor-invisible elementor-widget elementor-widget-divider\" data-id=\"8d0842d\" data-element_type=\"widget\" data-settings=\"{&quot;_animation&quot;:&quot;fadeInRight&quot;}\" data-widget_type=\"divider.default\">\n\t\t\t\t<div class=\"elementor-widget-container\">\n\t\t\t\t\t<div class=\"elementor-divider\">\n\t\t\t<span class=\"elementor-divider-separator\"><\/span>\n\t\t<\/div>\n\t\t\t\t<\/div>\n\t\t\t\t<\/div>\n\t\t\t\t\t\t<\/div>\n\t\t\t<\/div>\n\t\t<\/div>\n\t\t\t\t\t\t<\/div>\n\t\t\t<\/div>\n\t\t<\/section>\n\t\t\t\t<section class=\"elementor-element elementor-element-815f081 elementor-section-boxed elementor-section-height-default elementor-section-height-default elementor-section elementor-top-section\" data-id=\"815f081\" data-element_type=\"section\">\n\t\t\t\t\t\t<div class=\"elementor-container elementor-column-gap-default\">\n\t\t\t\t<div class=\"elementor-row\">\n\t\t\t\t<div class=\"elementor-element elementor-element-087c451 elementor-column elementor-col-100 elementor-top-column\" data-id=\"087c451\" data-element_type=\"column\">\n\t\t\t<div class=\"elementor-column-wrap  elementor-element-populated\">\n\t\t\t\t\t<div class=\"elementor-widget-wrap\">\n\t\t\t\t<section class=\"elementor-element elementor-element-d95526a elementor-section-boxed elementor-section-height-default elementor-section-height-default elementor-section elementor-inner-section\" data-id=\"d95526a\" data-element_type=\"section\">\n\t\t\t\t\t\t<div class=\"elementor-container elementor-column-gap-default\">\n\t\t\t\t<div class=\"elementor-row\">\n\t\t\t\t<div class=\"elementor-element elementor-element-c8bea83 elementor-column elementor-col-50 elementor-inner-column\" data-id=\"c8bea83\" data-element_type=\"column\">\n\t\t\t<div class=\"elementor-column-wrap  elementor-element-populated\">\n\t\t\t\t\t<div class=\"elementor-widget-wrap\">\n\t\t\t\t<div class=\"elementor-element elementor-element-36ae4a4 elementor-widget elementor-widget-image\" data-id=\"36ae4a4\" data-element_type=\"widget\" data-widget_type=\"image.default\">\n\t\t\t\t<div class=\"elementor-widget-container\">\n\t\t\t\t\t<div class=\"elementor-image\">\n\t\t\t\t\t\t\t\t\t\t<img width=\"768\" height=\"768\" src=\"https:\/\/sibi.ufal.br\/portal\/wp-content\/uploads\/2019\/11\/CAPES-768x768.jpg\" class=\"attachment-medium_large size-medium_large\" alt=\"\" decoding=\"async\" loading=\"lazy\" srcset=\"https:\/\/sibi.ufal.br\/portal\/wp-content\/uploads\/2019\/11\/CAPES-768x768.jpg 768w, https:\/\/sibi.ufal.br\/portal\/wp-content\/uploads\/2019\/11\/CAPES-150x150.jpg 150w, https:\/\/sibi.ufal.br\/portal\/wp-content\/uploads\/2019\/11\/CAPES-300x300.jpg 300w, https:\/\/sibi.ufal.br\/portal\/wp-content\/uploads\/2019\/11\/CAPES-1024x1024.jpg 1024w, https:\/\/sibi.ufal.br\/portal\/wp-content\/uploads\/2019\/11\/CAPES.jpg 1500w\" sizes=\"(max-width: 768px) 100vw, 768px\" \/>\t\t\t\t\t\t\t\t\t\t\t<\/div>\n\t\t\t\t<\/div>\n\t\t\t\t<\/div>\n\t\t\t\t\t\t<\/div>\n\t\t\t<\/div>\n\t\t<\/div>\n\t\t\t\t<div class=\"elementor-element elementor-element-74e8e51 elementor-column elementor-col-50 elementor-inner-column\" data-id=\"74e8e51\" data-element_type=\"column\">\n\t\t\t<div class=\"elementor-column-wrap  elementor-element-populated\">\n\t\t\t\t\t<div class=\"elementor-widget-wrap\">\n\t\t\t\t<div class=\"elementor-element elementor-element-badc7ff elementor-widget elementor-widget-text-editor\" data-id=\"badc7ff\" data-element_type=\"widget\" data-widget_type=\"text-editor.default\">\n\t\t\t\t<div class=\"elementor-widget-container\">\n\t\t\t\t\t<div class=\"elementor-text-editor elementor-clearfix\"><p><span style=\"font-weight: 400;\">Esse treinamento objetiva apresentar as fontes de informa\u00e7\u00e3o dispon\u00edveis no Portal de Peri\u00f3dicos da Capes, e tem o intuito de auxiliar a comunidade acad\u00eamica no processo de recupera\u00e7\u00e3o da informa\u00e7\u00e3o, como tamb\u00e9m no acesso \u00e0s bases de dados digitais.\u00a0<\/span><\/p><p><span style=\"font-weight: 400;\">Os treinamentos s\u00e3o realizados no Laborat\u00f3rio de Inform\u00e1tica &#8211; Via Pesquisa, e s\u00e3o ofertados \u00e0s Comunidades Acad\u00eamica e Cient\u00edfica da Ufal, que podem contar com assist\u00eancias individual e em grupo.\u00a0<\/span><\/p><p><span style=\"font-weight: 400;\">O agendamento deste servi\u00e7o, deve ser realizado com 07 (sete) dias de anteced\u00eancia, seguindo as seguintes orienta\u00e7\u00f5es:<\/span><\/p><p><span style=\"font-weight: 400;\">1\u00ba &#8211; Fazer o download do <\/span><b>formul\u00e1rio de solicita\u00e7\u00e3o de Treinamento-Portal Capes <\/b><span style=\"font-weight: 400;\">(dispon\u00edvel no portal eletr\u00f4nico do SiBi\/Ufal, menu SiBi\/Ufal\/Normas e Documentos)<\/span><span style=\"font-weight: 400;\">;<\/span><\/p><p><span style=\"font-weight: 400;\">2\u00ba &#8211; Preench\u00ea-lo, adequadamente, e escane\u00e1-lo<\/span><b>; e<\/b><\/p><p><span style=\"font-weight: 400;\">3\u00ba &#8211; Envi\u00e1-lo para o e-mail <\/span><a href=\"mailto:viapesquisa.ufal@gmail.com\"><span style=\"font-weight: 400;\">viapesquisa.ufal@gmail.com<\/span><\/a><span style=\"font-weight: 400;\">.<\/span><\/p><p><span style=\"font-weight: 400;\">Informa\u00e7\u00f5es gerais:<\/span><\/p><p><span style=\"font-weight: 400;\">&#8211; Este servi\u00e7o est\u00e1 sujeito \u00e0 disponibilidade de dia e hor\u00e1rio;<\/span><\/p><p><span style=\"font-weight: 400;\">&#8211; O solicitante receber\u00e1 um e-mail de confirma\u00e7\u00e3o ou de sugest\u00e3o de novas datas para o treinamento;<\/span><\/p><p><span style=\"font-weight: 400;\">&#8211; No caso de atendimento para grupos, o agendamento dever\u00e1 ser solicitado por Professor, e no de atendimento individual poder\u00e1 ser efetuado por Servidor (Docente ou T\u00e9cnico-Administrativo) ou Discente.<\/span><\/p><\/div>\n\t\t\t\t<\/div>\n\t\t\t\t<\/div>\n\t\t\t\t\t\t<\/div>\n\t\t\t<\/div>\n\t\t<\/div>\n\t\t\t\t\t\t<\/div>\n\t\t\t<\/div>\n\t\t<\/section>\n\t\t\t\t\t\t<\/div>\n\t\t\t<\/div>\n\t\t<\/div>\n\t\t\t\t\t\t<\/div>\n\t\t\t<\/div>\n\t\t<\/section>\n\t\t\t\t\t\t<\/div>\n\t\t\t<\/div>\n\t\t<\/div>\n\t\t","protected":false},"excerpt":{"rendered":"<p>Treinamento &#8211; Bases do Portal CAPES Esse treinamento objetiva apresentar as fontes de informa\u00e7\u00e3o dispon\u00edveis no Portal de Peri\u00f3dicos da Capes, e tem o intuito de auxiliar a comunidade acad\u00eamica no processo de recupera\u00e7\u00e3o da informa\u00e7\u00e3o, como tamb\u00e9m no acesso \u00e0s bases de dados digitais.\u00a0 Os treinamentos s\u00e3o realizados no Laborat\u00f3rio de Inform\u00e1tica &#8211; Via [&hellip;]<\/p>\n","protected":false},"author":2,"featured_media":0,"parent":0,"menu_order":0,"comment_status":"closed","ping_status":"closed","template":"","meta":[],"_links":{"self":[{"href":"https:\/\/sibi.ufal.br\/portal\/index.php?rest_route=\/wp\/v2\/pages\/1532"}],"collection":[{"href":"https:\/\/sibi.ufal.br\/portal\/index.php?rest_route=\/wp\/v2\/pages"}],"about":[{"href":"https:\/\/sibi.ufal.br\/portal\/index.php?rest_route=\/wp\/v2\/types\/page"}],"author":[{"embeddable":true,"href":"https:\/\/sibi.ufal.br\/portal\/index.php?rest_route=\/wp\/v2\/users\/2"}],"replies":[{"embeddable":true,"href":"https:\/\/sibi.ufal.br\/portal\/index.php?rest_route=%2Fwp%2Fv2%2Fcomments&post=1532"}],"version-history":[{"count":4,"href":"https:\/\/sibi.ufal.br\/portal\/index.php?rest_route=\/wp\/v2\/pages\/1532\/revisions"}],"predecessor-version":[{"id":1716,"href":"https:\/\/sibi.ufal.br\/portal\/index.php?rest_route=\/wp\/v2\/pages\/1532\/revisions\/1716"}],"wp:attachment":[{"href":"https:\/\/sibi.ufal.br\/portal\/index.php?rest_route=%2Fwp%2Fv2%2Fmedia&parent=1532"}],"curies":[{"name":"wp","href":"https:\/\/api.w.org\/{rel}","templated":true}]}}