{"id":1752,"date":"2019-11-28T12:53:11","date_gmt":"2019-11-28T15:53:11","guid":{"rendered":"http:\/\/sibi.ufal.br\/portal\/?page_id=1752"},"modified":"2019-12-09T17:20:09","modified_gmt":"2019-12-09T20:20:09","slug":"emprestimo-entre-bibliotecas","status":"publish","type":"page","link":"https:\/\/sibi.ufal.br\/portal\/?page_id=1752","title":{"rendered":"Empr\u00e9stimo entre Bibliotecas"},"content":{"rendered":"\t\t<div data-elementor-type=\"post\" data-elementor-id=\"1752\" class=\"elementor elementor-1752\" data-elementor-settings=\"[]\">\n\t\t\t<div class=\"elementor-inner\">\n\t\t\t\t<div class=\"elementor-section-wrap\">\n\t\t\t\t\t\t\t<section class=\"elementor-element elementor-element-504130c elementor-section-boxed elementor-section-height-default elementor-section-height-default elementor-section elementor-top-section\" data-id=\"504130c\" data-element_type=\"section\">\n\t\t\t\t\t\t<div class=\"elementor-container elementor-column-gap-default\">\n\t\t\t\t<div class=\"elementor-row\">\n\t\t\t\t<div class=\"elementor-element elementor-element-0297f81 elementor-column elementor-col-100 elementor-top-column\" data-id=\"0297f81\" data-element_type=\"column\">\n\t\t\t<div class=\"elementor-column-wrap  elementor-element-populated\">\n\t\t\t\t\t<div class=\"elementor-widget-wrap\">\n\t\t\t\t<div class=\"elementor-element elementor-element-a36e2fe elementor-widget elementor-widget-heading\" data-id=\"a36e2fe\" data-element_type=\"widget\" data-widget_type=\"heading.default\">\n\t\t\t\t<div class=\"elementor-widget-container\">\n\t\t\t<h2 class=\"elementor-heading-title elementor-size-default\">Empr\u00e9stimo entre Bibliotecas (EEB)<\/h2>\t\t<\/div>\n\t\t\t\t<\/div>\n\t\t\t\t\t\t<\/div>\n\t\t\t<\/div>\n\t\t<\/div>\n\t\t\t\t\t\t<\/div>\n\t\t\t<\/div>\n\t\t<\/section>\n\t\t\t\t<section class=\"elementor-element elementor-element-9eb96c0 elementor-section-boxed elementor-section-height-default elementor-section-height-default elementor-section elementor-top-section\" data-id=\"9eb96c0\" data-element_type=\"section\">\n\t\t\t\t\t\t<div class=\"elementor-container elementor-column-gap-default\">\n\t\t\t\t<div class=\"elementor-row\">\n\t\t\t\t<div class=\"elementor-element elementor-element-610e76d elementor-column elementor-col-100 elementor-top-column\" data-id=\"610e76d\" data-element_type=\"column\">\n\t\t\t<div class=\"elementor-column-wrap  elementor-element-populated\">\n\t\t\t\t\t<div class=\"elementor-widget-wrap\">\n\t\t\t\t<section class=\"elementor-element elementor-element-c37de67 elementor-section-boxed elementor-section-height-default elementor-section-height-default elementor-section elementor-inner-section\" data-id=\"c37de67\" data-element_type=\"section\">\n\t\t\t\t\t\t<div class=\"elementor-container elementor-column-gap-default\">\n\t\t\t\t<div class=\"elementor-row\">\n\t\t\t\t<div class=\"elementor-element elementor-element-1b03fff elementor-column elementor-col-50 elementor-inner-column\" data-id=\"1b03fff\" data-element_type=\"column\">\n\t\t\t<div class=\"elementor-column-wrap  elementor-element-populated\">\n\t\t\t\t\t<div class=\"elementor-widget-wrap\">\n\t\t\t\t<div class=\"elementor-element elementor-element-82cfff4 elementor-widget elementor-widget-image\" data-id=\"82cfff4\" data-element_type=\"widget\" data-widget_type=\"image.default\">\n\t\t\t\t<div class=\"elementor-widget-container\">\n\t\t\t\t\t<div class=\"elementor-image\">\n\t\t\t\t\t\t\t\t\t\t<img width=\"1024\" height=\"1024\" src=\"https:\/\/sibi.ufal.br\/portal\/wp-content\/uploads\/2019\/12\/EMPR\u00c9STIMO-1024x1024.jpg\" class=\"attachment-large size-large\" alt=\"\" decoding=\"async\" loading=\"lazy\" srcset=\"https:\/\/sibi.ufal.br\/portal\/wp-content\/uploads\/2019\/12\/EMPR\u00c9STIMO-1024x1024.jpg 1024w, https:\/\/sibi.ufal.br\/portal\/wp-content\/uploads\/2019\/12\/EMPR\u00c9STIMO-150x150.jpg 150w, https:\/\/sibi.ufal.br\/portal\/wp-content\/uploads\/2019\/12\/EMPR\u00c9STIMO-300x300.jpg 300w, https:\/\/sibi.ufal.br\/portal\/wp-content\/uploads\/2019\/12\/EMPR\u00c9STIMO-768x768.jpg 768w, https:\/\/sibi.ufal.br\/portal\/wp-content\/uploads\/2019\/12\/EMPR\u00c9STIMO.jpg 1500w\" sizes=\"(max-width: 1024px) 100vw, 1024px\" \/>\t\t\t\t\t\t\t\t\t\t\t<\/div>\n\t\t\t\t<\/div>\n\t\t\t\t<\/div>\n\t\t\t\t\t\t<\/div>\n\t\t\t<\/div>\n\t\t<\/div>\n\t\t\t\t<div class=\"elementor-element elementor-element-22e3143 elementor-column elementor-col-50 elementor-inner-column\" data-id=\"22e3143\" data-element_type=\"column\">\n\t\t\t<div class=\"elementor-column-wrap  elementor-element-populated\">\n\t\t\t\t\t<div class=\"elementor-widget-wrap\">\n\t\t\t\t<div class=\"elementor-element elementor-element-a0b7453 elementor-widget elementor-widget-text-editor\" data-id=\"a0b7453\" data-element_type=\"widget\" data-widget_type=\"text-editor.default\">\n\t\t\t\t<div class=\"elementor-widget-container\">\n\t\t\t\t\t<div class=\"elementor-text-editor elementor-clearfix\"><p>Esse tipo de Empr\u00e9stimo permite o acesso a materiais bibliogr\u00e1ficos n\u00e3o dispon\u00edveis no acervo de determinada biblioteca, mas que constam em outro acervo pertencente ao Sistema de bibliotecas Ufal (SiBi\/Ufal).\u00a0<\/p><p>O EEB, um servi\u00e7o que tornou-se poss\u00edvel devido a intera\u00e7\u00e3o das bibliotecas do SiBi\/Ufal, est\u00e1 dispon\u00edvel apenas para os servidores (docentes e t\u00e9cnico-administrativos) e estudantes da Ufal.<\/p><p>Para efetuar a solicita\u00e7\u00e3o do Empr\u00e9stimo Entre Bibliotecas faz-se necess\u00e1rio que o solicitante compare\u00e7a, pessoalmente, ao balc\u00e3o de empr\u00e9stimos de uma das bibliotecas do SiBi\/Ufal, portando seu n\u00famero de matr\u00edcula, bem como informe o n\u00famero de chamada do t\u00edtulo desejado, especificando os seguintes dados: t\u00edtulo, autor, ano, editora e edi\u00e7\u00e3o.<\/p><p>O setor competente pela realiza\u00e7\u00e3o dessa modalidade de empr\u00e9stimo entrar\u00e1 em contato com a biblioteca de origem da obra, a qual analisar\u00e1 o pedido, e decidir\u00e1 pelo atendimento, ou n\u00e3o, do empr\u00e9stimo.<\/p><p>Caso o pedido de EEB seja atendido, a obra ser\u00e1 encaminhada, via malote Ufal, e conforme a disponibilidade de transporte da Institui\u00e7\u00e3o, para a biblioteca solicitante.\u00a0<\/p><p>Observa\u00e7\u00e3o: este servi\u00e7o \u00e9 restrito aos livros, excluindo-se materiais de refer\u00eancia, peri\u00f3dicos, cole\u00e7\u00e3o especial, por serem de consulta interna na biblioteca.<\/p><p>Os contatos das bibliotecas est\u00e3o dispon\u00edveis no portal eletr\u00f4nico do SiBi\/Ufal, menu Bibliotecas do SiBi.<\/p><\/div>\n\t\t\t\t<\/div>\n\t\t\t\t<\/div>\n\t\t\t\t\t\t<\/div>\n\t\t\t<\/div>\n\t\t<\/div>\n\t\t\t\t\t\t<\/div>\n\t\t\t<\/div>\n\t\t<\/section>\n\t\t\t\t\t\t<\/div>\n\t\t\t<\/div>\n\t\t<\/div>\n\t\t\t\t\t\t<\/div>\n\t\t\t<\/div>\n\t\t<\/section>\n\t\t\t\t\t\t<\/div>\n\t\t\t<\/div>\n\t\t<\/div>\n\t\t","protected":false},"excerpt":{"rendered":"<p>Empr\u00e9stimo entre Bibliotecas (EEB) Esse tipo de Empr\u00e9stimo permite o acesso a materiais bibliogr\u00e1ficos n\u00e3o dispon\u00edveis no acervo de determinada biblioteca, mas que constam em outro acervo pertencente ao Sistema de bibliotecas Ufal (SiBi\/Ufal).\u00a0 O EEB, um servi\u00e7o que tornou-se poss\u00edvel devido a intera\u00e7\u00e3o das bibliotecas do SiBi\/Ufal, est\u00e1 dispon\u00edvel apenas para os servidores (docentes [&hellip;]<\/p>\n","protected":false},"author":5,"featured_media":0,"parent":0,"menu_order":0,"comment_status":"closed","ping_status":"closed","template":"","meta":[],"_links":{"self":[{"href":"https:\/\/sibi.ufal.br\/portal\/index.php?rest_route=\/wp\/v2\/pages\/1752"}],"collection":[{"href":"https:\/\/sibi.ufal.br\/portal\/index.php?rest_route=\/wp\/v2\/pages"}],"about":[{"href":"https:\/\/sibi.ufal.br\/portal\/index.php?rest_route=\/wp\/v2\/types\/page"}],"author":[{"embeddable":true,"href":"https:\/\/sibi.ufal.br\/portal\/index.php?rest_route=\/wp\/v2\/users\/5"}],"replies":[{"embeddable":true,"href":"https:\/\/sibi.ufal.br\/portal\/index.php?rest_route=%2Fwp%2Fv2%2Fcomments&post=1752"}],"version-history":[{"count":7,"href":"https:\/\/sibi.ufal.br\/portal\/index.php?rest_route=\/wp\/v2\/pages\/1752\/revisions"}],"predecessor-version":[{"id":2326,"href":"https:\/\/sibi.ufal.br\/portal\/index.php?rest_route=\/wp\/v2\/pages\/1752\/revisions\/2326"}],"wp:attachment":[{"href":"https:\/\/sibi.ufal.br\/portal\/index.php?rest_route=%2Fwp%2Fv2%2Fmedia&parent=1752"}],"curies":[{"name":"wp","href":"https:\/\/api.w.org\/{rel}","templated":true}]}}