{"id":226,"date":"2019-08-28T15:32:41","date_gmt":"2019-08-28T18:32:41","guid":{"rendered":"http:\/\/seer.ufal.br\/portalsibi\/?page_id=226"},"modified":"2019-09-11T23:17:59","modified_gmt":"2019-09-12T02:17:59","slug":"noticias","status":"publish","type":"page","link":"https:\/\/sibi.ufal.br\/portal\/?page_id=226","title":{"rendered":"Not\u00edcias"},"content":{"rendered":"\t\t<div data-elementor-type=\"post\" data-elementor-id=\"226\" class=\"elementor elementor-226\" data-elementor-settings=\"[]\">\n\t\t\t<div class=\"elementor-inner\">\n\t\t\t\t<div class=\"elementor-section-wrap\">\n\t\t\t\t\t\t\t<section class=\"elementor-element elementor-element-df1d8dd elementor-section-boxed elementor-section-height-default elementor-section-height-default elementor-section elementor-top-section\" data-id=\"df1d8dd\" data-element_type=\"section\">\n\t\t\t\t\t\t<div class=\"elementor-container elementor-column-gap-default\">\n\t\t\t\t<div class=\"elementor-row\">\n\t\t\t\t<div class=\"elementor-element elementor-element-f8cbf29 elementor-column elementor-col-100 elementor-top-column\" data-id=\"f8cbf29\" data-element_type=\"column\">\n\t\t\t<div class=\"elementor-column-wrap  elementor-element-populated\">\n\t\t\t\t\t<div class=\"elementor-widget-wrap\">\n\t\t\t\t<div class=\"elementor-element elementor-element-6e7ccc9 elementor-invisible elementor-widget elementor-widget-heading\" data-id=\"6e7ccc9\" data-element_type=\"widget\" data-settings=\"{&quot;_animation&quot;:&quot;fadeInLeft&quot;}\" data-widget_type=\"heading.default\">\n\t\t\t\t<div class=\"elementor-widget-container\">\n\t\t\t<h2 class=\"elementor-heading-title elementor-size-default\">Not\u00edcias<\/h2>\t\t<\/div>\n\t\t\t\t<\/div>\n\t\t\t\t\t\t<\/div>\n\t\t\t<\/div>\n\t\t<\/div>\n\t\t\t\t\t\t<\/div>\n\t\t\t<\/div>\n\t\t<\/section>\n\t\t\t\t<section class=\"elementor-element elementor-element-b86a704 elementor-section-boxed elementor-section-height-default elementor-section-height-default elementor-section elementor-top-section\" data-id=\"b86a704\" data-element_type=\"section\">\n\t\t\t\t\t\t<div class=\"elementor-container elementor-column-gap-default\">\n\t\t\t\t<div class=\"elementor-row\">\n\t\t\t\t<div class=\"elementor-element elementor-element-b3da0e6 elementor-column elementor-col-100 elementor-top-column\" data-id=\"b3da0e6\" data-element_type=\"column\">\n\t\t\t<div class=\"elementor-column-wrap  elementor-element-populated\">\n\t\t\t\t\t<div class=\"elementor-widget-wrap\">\n\t\t\t\t<div class=\"elementor-element elementor-element-64bffed elementor-invisible elementor-widget elementor-widget-divider\" data-id=\"64bffed\" data-element_type=\"widget\" data-settings=\"{&quot;_animation&quot;:&quot;fadeInRight&quot;}\" data-widget_type=\"divider.default\">\n\t\t\t\t<div class=\"elementor-widget-container\">\n\t\t\t\t\t<div class=\"elementor-divider\">\n\t\t\t<span class=\"elementor-divider-separator\"><\/span>\n\t\t<\/div>\n\t\t\t\t<\/div>\n\t\t\t\t<\/div>\n\t\t\t\t\t\t<\/div>\n\t\t\t<\/div>\n\t\t<\/div>\n\t\t\t\t\t\t<\/div>\n\t\t\t<\/div>\n\t\t<\/section>\n\t\t\t\t<section class=\"elementor-element elementor-element-9ac3fec elementor-section-stretched elementor-section-full_width elementor-section-height-default elementor-section-height-default elementor-section elementor-top-section\" data-id=\"9ac3fec\" data-element_type=\"section\" data-settings=\"{&quot;stretch_section&quot;:&quot;section-stretched&quot;,&quot;background_background&quot;:&quot;classic&quot;}\">\n\t\t\t\t\t\t<div class=\"elementor-container elementor-column-gap-default\">\n\t\t\t\t<div class=\"elementor-row\">\n\t\t\t\t<div class=\"elementor-element elementor-element-e7c14ad elementor-column elementor-col-100 elementor-top-column\" data-id=\"e7c14ad\" data-element_type=\"column\">\n\t\t\t<div class=\"elementor-column-wrap  elementor-element-populated\">\n\t\t\t\t\t<div class=\"elementor-widget-wrap\">\n\t\t\t\t<div class=\"elementor-element elementor-element-0b2254e elementor-widget elementor-widget-shortcode\" data-id=\"0b2254e\" data-element_type=\"widget\" data-widget_type=\"shortcode.default\">\n\t\t\t\t<div class=\"elementor-widget-container\">\n\t\t\t\t\t<div class=\"elementor-shortcode\">    <style type=\"text\/css\">\r\n    \t\t\t#post-grid-184 .element_0{display: block;font-size: 21px;line-height: normal;padding: 5px 10px;text-align: left; text-decoration: none;}\r\n\t\t\t\t\t\t#post-grid-184 .element_1{display: block;font-size: 13px;line-height: normal;padding: 5px 10px;text-align: left;}\r\n\t\t\t#post-grid-184 .element_0:hover{}#post-grid-184 .element_1:hover{}#post-grid-184 .item{\r\n\t\t\tbackground:#fff;\r\n\t\r\n\t\t\t}<\/style><style type=\"text\/css\">#post-grid-184 .pagination .page-numbers, #post-grid-184 .pagination .pager, #post-grid-184 .paginate.next-previous a{\r\n\t\t\r\n\t\tfont-size:16px;\t\t\r\n\t\tcolor:#fff;\t\t\r\n\t\tbackground:#646464;\r\n\t\t\r\n\t\t\r\n\t\t}#post-grid-184 .pagination .page-numbers:hover, #post-grid-184 .pagination .page-numbers.current, #post-grid-184 .pagination .pager.active{\r\n\t\tbackground:#4b4b4b;\r\n\t\t}#post-grid-184 .nav-filter .filter{\r\n\t\t\r\n\t\tfont-size:17px;\t\t\r\n\t\tcolor:#fff;\t\t\r\n\t\tbackground:#646464;\r\n\t\tmargin:5px;\r\n\r\n\t\t}#post-grid-184 .nav-filter .filter:hover, #post-grid-184 .nav-filter .filter.active{\r\n\t\tbackground:#4b4b4b;\r\n\t\t}#post-grid-184 .owl-dots .owl-dot {\r\n\t\t\tbackground: #e6e6e6 none repeat scroll 0 0;\r\n\t\t\t\t \r\n\t\t\t}#post-grid-184 {\r\n\t\t\tpadding:10px;\r\n\t\t\tbackground:  url() repeat scroll 0 0;\r\n\t\t}#post-grid-184 .item .layer-media{height:auto;overflow: hidden;\r\n\t\t}#post-grid-184 .item{\r\n\t\tmargin:10px;\r\n\t\tpadding:0px;\r\n\t\t}@media only screen and (min-width: 1024px ) {#post-grid-184 .item{height:auto;}}@media only screen and ( min-width: 768px ) and ( max-width: 1023px ) {#post-grid-184 .item{max-height:auto;}}@media only screen and ( min-width: 0px ) and ( max-width: 767px ){#post-grid-184 .item{height:auto;}}\r\n\t@media only screen and (min-width: 1024px ) {\r\n\t#post-grid-184 .item{width:280px}\r\n\t\r\n\t}\r\n\t\r\n\t@media only screen and ( min-width: 768px ) and ( max-width: 1023px ) {\r\n\t#post-grid-184 .item{width:280px}\r\n\t}\r\n\t\r\n\t@media only screen and ( max-width: 767px ) {\r\n\t#post-grid-184 .item{width:90%}\r\n\t}    <\/style>\r\n        <div id=\"post-grid-lazy-184\" class=\"post-grid-lazy\"><img decoding=\"async\" src=\"\"\/><\/div>\r\n        <script>\r\n            jQuery('#post-grid-lazy-184').ready(function($){\r\n                jQuery('#post-grid-lazy-184').fadeOut();\r\n                jQuery('#post-grid-184').fadeIn();\r\n            })\r\n        <\/script>\r\n        <style type=\"text\/css\">#post-grid-184{display: none;}<\/style>\r\n        \t\r\n\t<script>\r\n\t\tpost_grid_masonry_enable = \"yes\";\r\n\t<\/script>\r\n    \r\n    <div id=\"post-grid-184\" class=\"post-grid grid\">\r\n    \t<div class=\"grid-nav-top\">\r\n                <div class=\"nav-search\">\r\n            <span class=\"search-icon\"><i class=\"fas fa-search\"><\/i><\/span>\r\n            <input grid_id=\"184\" title=\"Press enter to reset\" class=\"search\" type=\"text\"  placeholder=\"Procure aqui...\" value=\"\">\r\n        <\/div>\r\n                <\/div>\r\n\t\t        <div class=\"grid-items-wrap\">\r\n                        <div class=\"grid-items \">\r\n               <div class=\"item item-4255 skin flat even\">\r\n                            <div class=\"layer-wrapper\">\r\n                                \t\r\n    <div class=\"layer-media\"><a href=\"https:\/\/sibi.ufal.br\/portal\/?p=4255\"><img decoding=\"async\" alt=\"\" src=\"https:\/\/sibi.ufal.br\/portal\/wp-content\/uploads\/2026\/03\/Post-MB-1024x369.png\" \/><\/a><\/div><div class=\"layer-content\"><a target=\"_blank\" class=\"element element_0 title_link \" href=\"https:\/\/sibi.ufal.br\/portal\/?p=4255\">Estudantes e docentes da Ufal agora contam com acesso \u00e0 plataforma de livros digitais Minha Biblioteca<\/a><div class=\"element element_1 excerpt \"  >O Sistema de Bibliotecas da Universidade Federal de Alagoas, tem o prazer de informar que amplia seus servi\u00e7os e passa<\/div><\/div>                            <\/div>\r\n                        <\/div>                         <div class=\"item item-4244 skin flat odd\">\r\n                            <div class=\"layer-wrapper\">\r\n                                \t\r\n    <div class=\"layer-media\"><a href=\"https:\/\/sibi.ufal.br\/portal\/?p=4244\"><img decoding=\"async\" alt=\"\" src=\"https:\/\/sibi.ufal.br\/portal\/wp-content\/uploads\/2026\/03\/2026-SLIDESHOW--1024x369.jpg\" \/><\/a><\/div><div class=\"layer-content\"><a target=\"_blank\" class=\"element element_0 title_link \" href=\"https:\/\/sibi.ufal.br\/portal\/?p=4244\">Hor\u00e1rio de funcionamento do SiBi\/UFAL no per\u00edodo de greve<\/a><div class=\"element element_1 excerpt \"  >Ol\u00e1, Comunidade Acad\u00eamica! Informamos que, em virtude da greve aprovada em assembleia no dia 24 de fevereiro de 2026, as<\/div><\/div>                            <\/div>\r\n                        <\/div>                         <div class=\"item item-4207 skin flat even\">\r\n                            <div class=\"layer-wrapper\">\r\n                                \t\r\n    <div class=\"layer-media\"><a href=\"https:\/\/sibi.ufal.br\/portal\/?p=4207\"><img decoding=\"async\" alt=\"\" src=\"https:\/\/sibi.ufal.br\/portal\/wp-content\/uploads\/2025\/12\/Recesso-20252026.png\" \/><\/a><\/div><div class=\"layer-content\"><a target=\"_blank\" class=\"element element_0 title_link \" href=\"https:\/\/sibi.ufal.br\/portal\/?p=4207\">Funcionamento do SiBi\/UFAL nas f\u00e9rias<\/a><div class=\"element element_1 excerpt \"  >Ol\u00e1, Comunidade Acad\u00eamica! Informamos que durante o per\u00edodo de recesso acad\u00eamico as bibliotecas do SIBI\/UFAL permanecem ofertando todos os servi\u00e7os<\/div><\/div>                            <\/div>\r\n                        <\/div>                         <div class=\"item item-3975 skin flat odd\">\r\n                            <div class=\"layer-wrapper\">\r\n                                \t\r\n    <div class=\"layer-media\"><a href=\"https:\/\/sibi.ufal.br\/portal\/?p=3975\"><img decoding=\"async\" alt=\"\" src=\"https:\/\/sibi.ufal.br\/portal\/wp-content\/uploads\/2025\/03\/SLIDESHOW_AVISOS-1-1024x373.png\" \/><\/a><\/div><div class=\"layer-content\"><a target=\"_blank\" class=\"element element_0 title_link \" href=\"https:\/\/sibi.ufal.br\/portal\/?p=3975\">Desvendando a ABNT com o Manual de Normaliza\u00e7\u00e3o da UFAL: como Padronizar os Trabalhos Acad\u00eamicos<\/a><div class=\"element element_1 excerpt \"  >Chegou a hora de aprender a aplicar corretamente as normas da ABNT em seus projetos acad\u00eamicos! O Sistema de Bibliotecas<\/div><\/div>                            <\/div>\r\n                        <\/div>                         <div class=\"item item-3915 skin flat even\">\r\n                            <div class=\"layer-wrapper\">\r\n                                \t\r\n    <div class=\"layer-media\"><a href=\"https:\/\/sibi.ufal.br\/portal\/?p=3915\"><img decoding=\"async\" alt=\"\" src=\"https:\/\/sibi.ufal.br\/portal\/wp-content\/uploads\/2024\/12\/SLIDESHOW_AVISOS-1024x373.png\" \/><\/a><\/div><div class=\"layer-content\"><a target=\"_blank\" class=\"element element_0 title_link \" href=\"https:\/\/sibi.ufal.br\/portal\/?p=3915\">Novo prazo para a Entrega de Documentos nas Bibliotecas do SIBI\/UFAL<\/a><div class=\"element element_1 excerpt \"  >O Sistema de Bibliotecas da UFAL (SIBI\/UFAL) estabeleceu um novo prazo para atender \u00e0s solicita\u00e7\u00f5es de documentos relacionadas a pedidos<\/div><\/div>                            <\/div>\r\n                        <\/div>                         <div class=\"item item-3879 skin flat odd\">\r\n                            <div class=\"layer-wrapper\">\r\n                                \t\r\n    <div class=\"layer-media\"><a href=\"https:\/\/sibi.ufal.br\/portal\/?p=3879\"><img decoding=\"async\" alt=\"\" src=\"https:\/\/sibi.ufal.br\/portal\/wp-content\/uploads\/2024\/10\/SLIDESHOW_AVISOS-20-1024x373.png\" \/><\/a><\/div><div class=\"layer-content\"><a target=\"_blank\" class=\"element element_0 title_link \" href=\"https:\/\/sibi.ufal.br\/portal\/?p=3879\">Biblioteca Central da Ufal: De Portas Abertas, Conectando Pesquisa, Ensino e Extens\u00e3o<\/a><div class=\"element element_1 excerpt \"  >A Biblioteca Central da Universidade Federal de Alagoas (Ufal) reafirma seu compromisso com a dissemina\u00e7\u00e3o do conhecimento, mantendo suas portas<\/div><\/div>                            <\/div>\r\n                        <\/div>                         <div class=\"item item-3606 skin flat even\">\r\n                            <div class=\"layer-wrapper\">\r\n                                \t\r\n    <div class=\"layer-media\"><a href=\"https:\/\/sibi.ufal.br\/portal\/?p=3606\"><img decoding=\"async\" alt=\"\" src=\"https:\/\/sibi.ufal.br\/portal\/wp-content\/uploads\/2023\/07\/Regras-BC-1-1024x373.jpg\" \/><\/a><\/div><div class=\"layer-content\"><a target=\"_blank\" class=\"element element_0 title_link \" href=\"https:\/\/sibi.ufal.br\/portal\/?p=3606\">Garantindo um Ambiente Harmonioso para Todos<\/a><div class=\"element element_1 excerpt \"  >Para construir um ambiente harmonioso, agrad\u00e1vel e adequado para a realiza\u00e7\u00e3o de estudos e pesquisas, bem como preservar a privacidade,<\/div><\/div>                            <\/div>\r\n                        <\/div>                         <div class=\"item item-3293 skin flat odd\">\r\n                            <div class=\"layer-wrapper\">\r\n                                \t\r\n    <div class=\"layer-media\"><a href=\"https:\/\/sibi.ufal.br\/portal\/?p=3293\"><img decoding=\"async\" alt=\"\" src=\"https:\/\/sibi.ufal.br\/portal\/wp-content\/uploads\/2022\/09\/site_manual-1024x370.jpg\" \/><\/a><\/div><div class=\"layer-content\"><a target=\"_blank\" class=\"element element_0 title_link \" href=\"https:\/\/sibi.ufal.br\/portal\/?p=3293\">Lan\u00e7amento: Manual para normaliza\u00e7\u00e3o de trabalhos acad\u00eamicos da UFAL<\/a><div class=\"element element_1 excerpt \"  >Temos a grande satisfa\u00e7\u00e3o de comunicar a toda comunidade acad\u00eamico-cient\u00edfica de nossa Universidade, o t\u00e3o esperado lan\u00e7amento do novo &#8220;Manual<\/div><\/div>                            <\/div>\r\n                        <\/div>                         <div class=\"item item-3076 skin flat even\">\r\n                            <div class=\"layer-wrapper\">\r\n                                \t\r\n    <div class=\"layer-media\"><a href=\"https:\/\/sibi.ufal.br\/portal\/?p=3076\"><img decoding=\"async\" alt=\"\" src=\"https:\/\/sibi.ufal.br\/portal\/wp-content\/uploads\/2021\/11\/multa1-1024x376.jpg\" \/><\/a><\/div><div class=\"layer-content\"><a target=\"_blank\" class=\"element element_0 title_link \" href=\"https:\/\/sibi.ufal.br\/portal\/?p=3076\">Pagou a multa?! Envie o comprovante para a biblioteca!<\/a><div class=\"element element_1 excerpt \"  >Fique atento! Ap\u00f3s gerar a Guia de Recolhimento da Uni\u00e3o (GRU) &#8211; (acesse o tutorial) \u2013 e efetuar o pagamento<\/div><\/div>                            <\/div>\r\n                        <\/div>                                             <\/div> <!-- .grid-items -->\r\n                <\/div> <!-- .grid-items-wrap -->\r\n\t\t\t\t<div class=\"grid-nav-bottom\">\r\n\t\t\t\t\t<div class=\"pagination\">\r\n        <div class=\"paginate\">\r\n        <span aria-current=\"page\" class=\"page-numbers current\">1<\/span>\n<a class=\"page-numbers\" href=\"https:\/\/sibi.ufal.br\/portal\/index.php?rest_route=%2Fwp%2Fv2%2Fpages%2F226&#038;paged=2\">2<\/a>\n<a class=\"next page-numbers\" href=\"https:\/\/sibi.ufal.br\/portal\/index.php?rest_route=%2Fwp%2Fv2%2Fpages%2F226&#038;paged=2\">Pr\u00f3ximo \u00bb<\/a>        <\/div >\r\n        <\/div >\r\n\t\t\t\t<\/div> <!-- End .grid-nav-bottom -->\r\n\t\t\t\t\r\n<script>\r\n            jQuery('#post-grid-lazy-184').ready(function($){\r\n            var $container = $('#post-grid-184 .grid-items');\r\n            $container.masonry({\r\n                itemSelector: '.item',\r\n                columnWidth: '.item', \/\/as you wish , you can use numeric\r\n                isAnimated: true,\r\n                isFitWidth: true,\r\n                horizontalOrder: true,\r\n            });\r\n            $container.imagesLoaded().done( function() {\r\n                $container.masonry('layout');\r\n            });\r\n        })\r\n        <\/script>\r\n\t<script>\r\n\t\t    \r\n    <\/script>    <\/div> <!-- End .post-grid --><\/div>\n\t\t\t\t<\/div>\n\t\t\t\t<\/div>\n\t\t\t\t\t\t<\/div>\n\t\t\t<\/div>\n\t\t<\/div>\n\t\t\t\t\t\t<\/div>\n\t\t\t<\/div>\n\t\t<\/section>\n\t\t\t\t\t\t<\/div>\n\t\t\t<\/div>\n\t\t<\/div>\n\t\t","protected":false},"excerpt":{"rendered":"<p>Not\u00edcias<\/p>\n","protected":false},"author":1,"featured_media":0,"parent":0,"menu_order":0,"comment_status":"closed","ping_status":"closed","template":"","meta":[],"_links":{"self":[{"href":"https:\/\/sibi.ufal.br\/portal\/index.php?rest_route=\/wp\/v2\/pages\/226"}],"collection":[{"href":"https:\/\/sibi.ufal.br\/portal\/index.php?rest_route=\/wp\/v2\/pages"}],"about":[{"href":"https:\/\/sibi.ufal.br\/portal\/index.php?rest_route=\/wp\/v2\/types\/page"}],"author":[{"embeddable":true,"href":"https:\/\/sibi.ufal.br\/portal\/index.php?rest_route=\/wp\/v2\/users\/1"}],"replies":[{"embeddable":true,"href":"https:\/\/sibi.ufal.br\/portal\/index.php?rest_route=%2Fwp%2Fv2%2Fcomments&post=226"}],"version-history":[{"count":16,"href":"https:\/\/sibi.ufal.br\/portal\/index.php?rest_route=\/wp\/v2\/pages\/226\/revisions"}],"predecessor-version":[{"id":847,"href":"https:\/\/sibi.ufal.br\/portal\/index.php?rest_route=\/wp\/v2\/pages\/226\/revisions\/847"}],"wp:attachment":[{"href":"https:\/\/sibi.ufal.br\/portal\/index.php?rest_route=%2Fwp%2Fv2%2Fmedia&parent=226"}],"curies":[{"name":"wp","href":"https:\/\/api.w.org\/{rel}","templated":true}]}}