{"id":39,"date":"2019-08-17T19:08:49","date_gmt":"2019-08-17T22:08:49","guid":{"rendered":"http:\/\/seer.ufal.br\/portalsibi\/?page_id=39"},"modified":"2026-04-22T16:08:55","modified_gmt":"2026-04-22T19:08:55","slug":"normas-e-documentos","status":"publish","type":"page","link":"https:\/\/sibi.ufal.br\/portal\/?page_id=39","title":{"rendered":"Normas e Documentos"},"content":{"rendered":"\t\t<div data-elementor-type=\"post\" data-elementor-id=\"39\" class=\"elementor elementor-39\" data-elementor-settings=\"[]\">\n\t\t\t<div class=\"elementor-inner\">\n\t\t\t\t<div class=\"elementor-section-wrap\">\n\t\t\t\t\t\t\t<section class=\"elementor-element elementor-element-153b746 elementor-section-boxed elementor-section-height-default elementor-section-height-default elementor-section elementor-top-section\" data-id=\"153b746\" data-element_type=\"section\">\n\t\t\t\t\t\t<div class=\"elementor-container elementor-column-gap-default\">\n\t\t\t\t<div class=\"elementor-row\">\n\t\t\t\t<div class=\"elementor-element elementor-element-b1745d7 elementor-column elementor-col-100 elementor-top-column\" data-id=\"b1745d7\" data-element_type=\"column\">\n\t\t\t<div class=\"elementor-column-wrap  elementor-element-populated\">\n\t\t\t\t\t<div class=\"elementor-widget-wrap\">\n\t\t\t\t<div class=\"elementor-element elementor-element-b64cfc2 elementor-widget elementor-widget-heading\" data-id=\"b64cfc2\" data-element_type=\"widget\" data-widget_type=\"heading.default\">\n\t\t\t\t<div class=\"elementor-widget-container\">\n\t\t\t<h2 class=\"elementor-heading-title elementor-size-default\">Normas, Documentos e Formul\u00e1rios<\/h2>\t\t<\/div>\n\t\t\t\t<\/div>\n\t\t\t\t\t\t<\/div>\n\t\t\t<\/div>\n\t\t<\/div>\n\t\t\t\t\t\t<\/div>\n\t\t\t<\/div>\n\t\t<\/section>\n\t\t\t\t<section class=\"elementor-element elementor-element-8bd7ee5 elementor-section-boxed elementor-section-height-default elementor-section-height-default elementor-section elementor-top-section\" data-id=\"8bd7ee5\" data-element_type=\"section\">\n\t\t\t\t\t\t<div class=\"elementor-container elementor-column-gap-default\">\n\t\t\t\t<div class=\"elementor-row\">\n\t\t\t\t<div class=\"elementor-element elementor-element-b05abdc elementor-column elementor-col-100 elementor-top-column\" data-id=\"b05abdc\" data-element_type=\"column\">\n\t\t\t<div class=\"elementor-column-wrap  elementor-element-populated\">\n\t\t\t\t\t<div class=\"elementor-widget-wrap\">\n\t\t\t\t<div class=\"elementor-element elementor-element-fc05778 elementor-invisible elementor-widget elementor-widget-divider\" data-id=\"fc05778\" data-element_type=\"widget\" data-settings=\"{&quot;_animation&quot;:&quot;fadeInRight&quot;}\" data-widget_type=\"divider.default\">\n\t\t\t\t<div class=\"elementor-widget-container\">\n\t\t\t\t\t<div class=\"elementor-divider\">\n\t\t\t<span class=\"elementor-divider-separator\"><\/span>\n\t\t<\/div>\n\t\t\t\t<\/div>\n\t\t\t\t<\/div>\n\t\t\t\t\t\t<\/div>\n\t\t\t<\/div>\n\t\t<\/div>\n\t\t\t\t\t\t<\/div>\n\t\t\t<\/div>\n\t\t<\/section>\n\t\t\t\t<section class=\"elementor-element elementor-element-7432b54 elementor-section-boxed elementor-section-height-default elementor-section-height-default elementor-section elementor-top-section\" data-id=\"7432b54\" data-element_type=\"section\">\n\t\t\t\t\t\t<div class=\"elementor-container elementor-column-gap-default\">\n\t\t\t\t<div class=\"elementor-row\">\n\t\t\t\t<div class=\"elementor-element elementor-element-412dff4 elementor-column elementor-col-100 elementor-top-column\" data-id=\"412dff4\" data-element_type=\"column\">\n\t\t\t<div class=\"elementor-column-wrap  elementor-element-populated\">\n\t\t\t\t\t<div class=\"elementor-widget-wrap\">\n\t\t\t\t<section class=\"elementor-element elementor-element-7eed209 elementor-section-boxed elementor-section-height-default elementor-section-height-default elementor-section elementor-inner-section\" data-id=\"7eed209\" data-element_type=\"section\">\n\t\t\t\t\t\t<div class=\"elementor-container elementor-column-gap-default\">\n\t\t\t\t<div class=\"elementor-row\">\n\t\t\t\t<div class=\"elementor-element elementor-element-c21d63f elementor-column elementor-col-50 elementor-inner-column\" data-id=\"c21d63f\" data-element_type=\"column\">\n\t\t\t<div class=\"elementor-column-wrap  elementor-element-populated\">\n\t\t\t\t\t<div class=\"elementor-widget-wrap\">\n\t\t\t\t<div class=\"elementor-element elementor-element-660fabb elementor-widget elementor-widget-image\" data-id=\"660fabb\" data-element_type=\"widget\" data-widget_type=\"image.default\">\n\t\t\t\t<div class=\"elementor-widget-container\">\n\t\t\t\t\t<div class=\"elementor-image\">\n\t\t\t\t\t\t\t\t\t\t<img width=\"1024\" height=\"1024\" src=\"https:\/\/sibi.ufal.br\/portal\/wp-content\/uploads\/2020\/02\/NDF-1024x1024.jpg\" class=\"attachment-large size-large\" alt=\"\" decoding=\"async\" loading=\"lazy\" srcset=\"https:\/\/sibi.ufal.br\/portal\/wp-content\/uploads\/2020\/02\/NDF-1024x1024.jpg 1024w, https:\/\/sibi.ufal.br\/portal\/wp-content\/uploads\/2020\/02\/NDF-150x150.jpg 150w, https:\/\/sibi.ufal.br\/portal\/wp-content\/uploads\/2020\/02\/NDF-300x300.jpg 300w, https:\/\/sibi.ufal.br\/portal\/wp-content\/uploads\/2020\/02\/NDF-768x768.jpg 768w, https:\/\/sibi.ufal.br\/portal\/wp-content\/uploads\/2020\/02\/NDF.jpg 1500w\" sizes=\"(max-width: 1024px) 100vw, 1024px\" \/>\t\t\t\t\t\t\t\t\t\t\t<\/div>\n\t\t\t\t<\/div>\n\t\t\t\t<\/div>\n\t\t\t\t\t\t<\/div>\n\t\t\t<\/div>\n\t\t<\/div>\n\t\t\t\t<div class=\"elementor-element elementor-element-41a42dc elementor-column elementor-col-50 elementor-inner-column\" data-id=\"41a42dc\" data-element_type=\"column\">\n\t\t\t<div class=\"elementor-column-wrap  elementor-element-populated\">\n\t\t\t\t\t<div class=\"elementor-widget-wrap\">\n\t\t\t\t<div class=\"elementor-element elementor-element-e7bcea0 elementor-widget elementor-widget-text-editor\" data-id=\"e7bcea0\" data-element_type=\"widget\" data-widget_type=\"text-editor.default\">\n\t\t\t\t<div class=\"elementor-widget-container\">\n\t\t\t\t\t<div class=\"elementor-text-editor elementor-clearfix\"><h4>1 &#8211; Documentos<\/h4><h6><a href=\"https:\/\/www.repositorio.ufal.br\/handle\/123456789\/17960\">Plano de Manuten\u00e7\u00e3o do Acervo<\/a><\/h6><h6><a style=\"outline: none; transition: all 300ms ease-out 0s;\" href=\"https:\/\/www.repositorio.ufal.br\/handle\/123456789\/17961\">Pol\u00edtica de Informa\u00e7\u00e3o Riufal &#8211; Resolu\u00e7\u00e3o 45\/2016 Consuni\/Ufal<\/a><\/h6><h6><a href=\"https:\/\/www.repositorio.ufal.br\/handle\/123456789\/17962\">Regimento Interno SiBi\/Ufal (02\/11\/89)<\/a><\/h6><\/div>\n\t\t\t\t<\/div>\n\t\t\t\t<\/div>\n\t\t\t\t<div class=\"elementor-element elementor-element-767460c elementor-widget elementor-widget-divider\" data-id=\"767460c\" data-element_type=\"widget\" data-widget_type=\"divider.default\">\n\t\t\t\t<div class=\"elementor-widget-container\">\n\t\t\t\t\t<div class=\"elementor-divider\">\n\t\t\t<span class=\"elementor-divider-separator\"><\/span>\n\t\t<\/div>\n\t\t\t\t<\/div>\n\t\t\t\t<\/div>\n\t\t\t\t<div class=\"elementor-element elementor-element-ff0a9b5 elementor-widget elementor-widget-text-editor\" data-id=\"ff0a9b5\" data-element_type=\"widget\" data-widget_type=\"text-editor.default\">\n\t\t\t\t<div class=\"elementor-widget-container\">\n\t\t\t\t\t<div class=\"elementor-text-editor elementor-clearfix\"><h4>2 &#8211; Formul\u00e1rios<\/h4><h6><a href=\"http:\/\/www.repositorio.ufal.br\/jspui\/handle\/123456789\/17921\">Solicita\u00e7\u00e3o de c\u00f3pias de Artigos e Outros<\/a><\/h6><h6><a href=\"https:\/\/www.repositorio.ufal.br\/handle\/123456789\/17958\">Solicita\u00e7\u00e3o de Ficha Catalogr\u00e1fica (A. C. Sim\u00f5es)<\/a><\/h6><h6><a href=\"https:\/\/www.repositorio.ufal.br\/handle\/123456789\/17958\">Solicita\u00e7\u00e3o de Ficha Catalogr\u00e1fica (Delmiro Gouveia)<\/a><\/h6><h6><a href=\"https:\/\/www.repositorio.ufal.br\/handle\/123456789\/17956\">Solicita\u00e7\u00e3o de Levantamento Bibliogr\u00e1fico<\/a><\/h6><h6><a href=\"https:\/\/www.repositorio.ufal.br\/handle\/123456789\/17957\">Solicita\u00e7\u00e3o de Treinamento &#8211; Portal Capes<\/a><\/h6><h6><a href=\"https:\/\/docs.google.com\/forms\/d\/10x39MvGrLzTnwh4rke22dy1qD5lfKcjJEYpsh8Mmsj4\/viewform?edit_requested=true\">Solicita\u00e7\u00e3o de Agendamento de Visita Orientada na Biblioteca Central<\/a><\/h6><\/div>\n\t\t\t\t<\/div>\n\t\t\t\t<\/div>\n\t\t\t\t<div class=\"elementor-element elementor-element-b7442a9 elementor-widget elementor-widget-divider\" data-id=\"b7442a9\" data-element_type=\"widget\" data-widget_type=\"divider.default\">\n\t\t\t\t<div class=\"elementor-widget-container\">\n\t\t\t\t\t<div class=\"elementor-divider\">\n\t\t\t<span class=\"elementor-divider-separator\"><\/span>\n\t\t<\/div>\n\t\t\t\t<\/div>\n\t\t\t\t<\/div>\n\t\t\t\t<div class=\"elementor-element elementor-element-b1c4db9 elementor-widget elementor-widget-text-editor\" data-id=\"b1c4db9\" data-element_type=\"widget\" data-widget_type=\"text-editor.default\">\n\t\t\t\t<div class=\"elementor-widget-container\">\n\t\t\t\t\t<div class=\"elementor-text-editor elementor-clearfix\"><h4>3 &#8211; Normas<\/h4><h6><a href=\"https:\/\/www.repositorio.ufal.br\/handle\/123456789\/17868\">Normas de Uso dos Espa\u00e7os Multim\u00eddia da BC<\/a><\/h6><h6><a href=\"https:\/\/www.repositorio.ufal.br\/handle\/123456789\/17870\">Normas de Circula\u00e7\u00e3o e Empr\u00e9stimo (Manual do Usu\u00e1rio)<\/a><\/h6><h6><a href=\"https:\/\/www.repositorio.ufal.br\/handle\/123456789\/17871\">Normas de Utiliza\u00e7\u00e3o do Centro de Inclus\u00e3o Digital (CID)<\/a><\/h6><h6><a href=\"http:\/\/www.repositorio.ufal.br\/jspui\/handle\/123456789\/17871\">Normas do Via Pesquisa<\/a><\/h6><\/div>\n\t\t\t\t<\/div>\n\t\t\t\t<\/div>\n\t\t\t\t<div class=\"elementor-element elementor-element-af1e02a elementor-widget elementor-widget-divider\" data-id=\"af1e02a\" data-element_type=\"widget\" data-widget_type=\"divider.default\">\n\t\t\t\t<div class=\"elementor-widget-container\">\n\t\t\t\t\t<div class=\"elementor-divider\">\n\t\t\t<span class=\"elementor-divider-separator\"><\/span>\n\t\t<\/div>\n\t\t\t\t<\/div>\n\t\t\t\t<\/div>\n\t\t\t\t<div class=\"elementor-element elementor-element-4c3afb3 elementor-widget elementor-widget-text-editor\" data-id=\"4c3afb3\" data-element_type=\"widget\" data-widget_type=\"text-editor.default\">\n\t\t\t\t<div class=\"elementor-widget-container\">\n\t\t\t\t\t<div class=\"elementor-text-editor elementor-clearfix\"><h4>4 &#8211; Termos e Modelos<\/h4><h6><a href=\"http:\/\/sibi.ufal.br\/portal\/wp-content\/uploads\/2019\/12\/NORMAS_TERMOS_MODELO-DE-MEMORANDO_SOLICITA\u00c7\u00c3O-DE-ESPA\u00c7OS-DA-BC.doc\">Modelo de Memorando para solicita\u00e7\u00e3o dos Espa\u00e7os Multim\u00eddia da BC<\/a><\/h6><h6><strong>Termo de Autoriza\u00e7\u00e3o 1 [Novo]:<\/strong> <a href=\"https:\/\/www.repositorio.ufal.br\/jspui\/bitstream\/123456789\/17857\/5\/Termo%20de%20autoriza%c3%a7%c3%a3o%20para%20disponibilidade%20no%20RIUFAL%3a%20gradua%c3%a7%c3%a3o%2c%20especializa%c3%a7%c3%a3o%2c%20mestrado%2c%20doutorado%2c%20memorial%20acad%c3%aamico%2c%20relat%c3%b3rio%20cient%c3%adfico\/p%c3%b3s-doutorado_24102024.pdf\">Gradua\u00e7\u00e3o, Especializa\u00e7\u00e3o, Mestrado, Doutorado \u2013 Memorial acad\u00eamico e Relat\u00f3rio cient\u00edfico\/P\u00f3s-doutorado<\/a><\/h6><h6><strong>Termo de Autoriza\u00e7\u00e3o 2: <\/strong><a href=\"https:\/\/www.repositorio.ufal.br\/jspui\/bitstream\/123456789\/17857\/6\/Termo%20de%20autoriza%c3%a7%c3%a3o%20para%20disponibilidade%20no%20RIUFAL%3a%20artigo%2c%20livro%2c%20parte%20de%20livro%2c%20trabalhos%20publicados%20em%20eventos_05022023.pdf\">Livro, parte de livro e artigos cient\u00edficos<\/a><\/h6><h6><strong>Termo de Autoriza\u00e7\u00e3o 3:<\/strong> <a href=\"https:\/\/www.repositorio.ufal.br\/jspui\/bitstream\/123456789\/17857\/7\/Termo%20de%20autoriza%c3%a7%c3%a3o%20para%20disponibilidade%20no%20RIUFAL%3a%20relat%c3%b3rio%20cient%c3%adfico%2c%20produ%c3%a7%c3%a3o%20cultural%20oriunda%20de%20trabalhos%20cient%c3%adficos%20e\/ou%20acad%c3%aamicos%2c%20patente_05022023.pdf\">Produ\u00e7\u00e3o cultural e patente<\/a><\/h6><h6><a href=\"https:\/\/www.repositorio.ufal.br\/handle\/123456789\/17866\">Termo de Doa\u00e7\u00e3o de Livros<\/a><\/h6><h6><a href=\"https:\/\/www.repositorio.ufal.br\/bitstream\/123456789\/17867\/4\/Termo%20de%20responsabilidade%20de%20uso%20de%20espa%c3%a7o%20-%20audit%c3%b3rio\">Termo de Responsabilidade (Audit\u00f3rio)<\/a><\/h6><h6><a href=\"https:\/\/www.repositorio.ufal.br\/bitstream\/123456789\/17867\/3\/Termo%20de%20responsabilidade%20de%20uso%20de%20espa%c3%a7o%20-%20hall\">Termo de Responsabilidade (Hall)<\/a><\/h6><h6><a href=\"https:\/\/www.repositorio.ufal.br\/bitstream\/123456789\/17867\/2\/Termo%20de%20responsabilidade%20de%20uso%20de%20espa%c3%a7o%20-%20miniauditorio\">Termo de Responsabilidade (Miniaudit\u00f3rio)<\/a><\/h6><h6><a href=\"https:\/\/www.repositorio.ufal.br\/bitstream\/123456789\/17867\/1\/Termo%20de%20responsabilidade%20de%20uso%20de%20espa%c3%a7o%20-%20sala%20de%20aula\">Termo de Responsabilidade (Sala de Aula)<\/a><\/h6><\/div>\n\t\t\t\t<\/div>\n\t\t\t\t<\/div>\n\t\t\t\t<div class=\"elementor-element elementor-element-4d6eab7 elementor-widget elementor-widget-divider\" data-id=\"4d6eab7\" data-element_type=\"widget\" data-widget_type=\"divider.default\">\n\t\t\t\t<div class=\"elementor-widget-container\">\n\t\t\t\t\t<div class=\"elementor-divider\">\n\t\t\t<span class=\"elementor-divider-separator\"><\/span>\n\t\t<\/div>\n\t\t\t\t<\/div>\n\t\t\t\t<\/div>\n\t\t\t\t\t\t<\/div>\n\t\t\t<\/div>\n\t\t<\/div>\n\t\t\t\t\t\t<\/div>\n\t\t\t<\/div>\n\t\t<\/section>\n\t\t\t\t\t\t<\/div>\n\t\t\t<\/div>\n\t\t<\/div>\n\t\t\t\t\t\t<\/div>\n\t\t\t<\/div>\n\t\t<\/section>\n\t\t\t\t\t\t<\/div>\n\t\t\t<\/div>\n\t\t<\/div>\n\t\t","protected":false},"excerpt":{"rendered":"<p>Normas, Documentos e Formul\u00e1rios 1 &#8211; Documentos Plano de Manuten\u00e7\u00e3o do Acervo Pol\u00edtica de Informa\u00e7\u00e3o Riufal &#8211; Resolu\u00e7\u00e3o 45\/2016 Consuni\/Ufal Regimento Interno SiBi\/Ufal (02\/11\/89) 2 &#8211; Formul\u00e1rios Solicita\u00e7\u00e3o de c\u00f3pias de Artigos e Outros Solicita\u00e7\u00e3o de Ficha Catalogr\u00e1fica (A. C. Sim\u00f5es) Solicita\u00e7\u00e3o de Ficha Catalogr\u00e1fica (Delmiro Gouveia) Solicita\u00e7\u00e3o de Levantamento Bibliogr\u00e1fico Solicita\u00e7\u00e3o de Treinamento &#8211; [&hellip;]<\/p>\n","protected":false},"author":1,"featured_media":0,"parent":0,"menu_order":0,"comment_status":"closed","ping_status":"closed","template":"","meta":[],"_links":{"self":[{"href":"https:\/\/sibi.ufal.br\/portal\/index.php?rest_route=\/wp\/v2\/pages\/39"}],"collection":[{"href":"https:\/\/sibi.ufal.br\/portal\/index.php?rest_route=\/wp\/v2\/pages"}],"about":[{"href":"https:\/\/sibi.ufal.br\/portal\/index.php?rest_route=\/wp\/v2\/types\/page"}],"author":[{"embeddable":true,"href":"https:\/\/sibi.ufal.br\/portal\/index.php?rest_route=\/wp\/v2\/users\/1"}],"replies":[{"embeddable":true,"href":"https:\/\/sibi.ufal.br\/portal\/index.php?rest_route=%2Fwp%2Fv2%2Fcomments&post=39"}],"version-history":[{"count":66,"href":"https:\/\/sibi.ufal.br\/portal\/index.php?rest_route=\/wp\/v2\/pages\/39\/revisions"}],"predecessor-version":[{"id":4305,"href":"https:\/\/sibi.ufal.br\/portal\/index.php?rest_route=\/wp\/v2\/pages\/39\/revisions\/4305"}],"wp:attachment":[{"href":"https:\/\/sibi.ufal.br\/portal\/index.php?rest_route=%2Fwp%2Fv2%2Fmedia&parent=39"}],"curies":[{"name":"wp","href":"https:\/\/api.w.org\/{rel}","templated":true}]}}