{"id":556,"date":"2019-09-07T13:34:52","date_gmt":"2019-09-07T16:34:52","guid":{"rendered":"http:\/\/seer.ufal.br\/portalsibi\/?page_id=556"},"modified":"2022-12-06T20:03:44","modified_gmt":"2022-12-06T23:03:44","slug":"arapiraca","status":"publish","type":"page","link":"https:\/\/sibi.ufal.br\/portal\/?page_id=556","title":{"rendered":"Arapiraca"},"content":{"rendered":"\t\t<div data-elementor-type=\"post\" data-elementor-id=\"556\" class=\"elementor elementor-556\" data-elementor-settings=\"[]\">\n\t\t\t<div class=\"elementor-inner\">\n\t\t\t\t<div class=\"elementor-section-wrap\">\n\t\t\t\t\t\t\t<section class=\"elementor-element elementor-element-6cf7082 elementor-section-boxed elementor-section-height-default elementor-section-height-default elementor-section elementor-top-section\" data-id=\"6cf7082\" data-element_type=\"section\">\n\t\t\t\t\t\t<div class=\"elementor-container elementor-column-gap-default\">\n\t\t\t\t<div class=\"elementor-row\">\n\t\t\t\t<div class=\"elementor-element elementor-element-460724e elementor-column elementor-col-100 elementor-top-column\" data-id=\"460724e\" data-element_type=\"column\">\n\t\t\t<div class=\"elementor-column-wrap  elementor-element-populated\">\n\t\t\t\t\t<div class=\"elementor-widget-wrap\">\n\t\t\t\t<div class=\"elementor-element elementor-element-2690de1 elementor-invisible elementor-widget elementor-widget-heading\" data-id=\"2690de1\" data-element_type=\"widget\" data-settings=\"{&quot;_animation&quot;:&quot;fadeInLeft&quot;}\" data-widget_type=\"heading.default\">\n\t\t\t\t<div class=\"elementor-widget-container\">\n\t\t\t<h2 class=\"elementor-heading-title elementor-size-default\">Biblioteca Campus Arapiraca - BCA<\/h2>\t\t<\/div>\n\t\t\t\t<\/div>\n\t\t\t\t\t\t<\/div>\n\t\t\t<\/div>\n\t\t<\/div>\n\t\t\t\t\t\t<\/div>\n\t\t\t<\/div>\n\t\t<\/section>\n\t\t\t\t<section class=\"elementor-element elementor-element-f317358 elementor-section-boxed elementor-section-height-default elementor-section-height-default elementor-section elementor-top-section\" data-id=\"f317358\" data-element_type=\"section\">\n\t\t\t\t\t\t<div class=\"elementor-container elementor-column-gap-default\">\n\t\t\t\t<div class=\"elementor-row\">\n\t\t\t\t<div class=\"elementor-element elementor-element-3e23e7b elementor-column elementor-col-100 elementor-top-column\" data-id=\"3e23e7b\" data-element_type=\"column\">\n\t\t\t<div class=\"elementor-column-wrap  elementor-element-populated\">\n\t\t\t\t\t<div class=\"elementor-widget-wrap\">\n\t\t\t\t<div class=\"elementor-element elementor-element-de48322 elementor-invisible elementor-widget elementor-widget-divider\" data-id=\"de48322\" data-element_type=\"widget\" data-settings=\"{&quot;_animation&quot;:&quot;fadeInRight&quot;}\" data-widget_type=\"divider.default\">\n\t\t\t\t<div class=\"elementor-widget-container\">\n\t\t\t\t\t<div class=\"elementor-divider\">\n\t\t\t<span class=\"elementor-divider-separator\"><\/span>\n\t\t<\/div>\n\t\t\t\t<\/div>\n\t\t\t\t<\/div>\n\t\t\t\t\t\t<\/div>\n\t\t\t<\/div>\n\t\t<\/div>\n\t\t\t\t\t\t<\/div>\n\t\t\t<\/div>\n\t\t<\/section>\n\t\t\t\t<section class=\"elementor-element elementor-element-6c14632 elementor-section-boxed elementor-section-height-default elementor-section-height-default elementor-section elementor-top-section\" data-id=\"6c14632\" data-element_type=\"section\">\n\t\t\t\t\t\t<div class=\"elementor-container elementor-column-gap-default\">\n\t\t\t\t<div class=\"elementor-row\">\n\t\t\t\t<div class=\"elementor-element elementor-element-9e7325a elementor-column elementor-col-100 elementor-top-column\" data-id=\"9e7325a\" data-element_type=\"column\">\n\t\t\t<div class=\"elementor-column-wrap  elementor-element-populated\">\n\t\t\t\t\t<div class=\"elementor-widget-wrap\">\n\t\t\t\t<div class=\"elementor-element elementor-element-b6f5308 elementor-widget elementor-widget-image-gallery\" data-id=\"b6f5308\" data-element_type=\"widget\" data-widget_type=\"image-gallery.default\">\n\t\t\t\t<div class=\"elementor-widget-container\">\n\t\t\t\t\t<div class=\"elementor-image-gallery\">\n\t\t\t<div id='gallery-1' class='gallery galleryid-556 gallery-columns-3 gallery-size-medium_large'><figure class='gallery-item'>\n\t\t\t<div class='gallery-icon landscape'>\n\t\t\t\t<a data-elementor-open-lightbox=\"default\" data-elementor-lightbox-slideshow=\"b6f5308\" href='https:\/\/sibi.ufal.br\/portal\/wp-content\/uploads\/2019\/12\/Bibliotecas1.jpg'><img width=\"768\" height=\"576\" src=\"https:\/\/sibi.ufal.br\/portal\/wp-content\/uploads\/2019\/12\/Bibliotecas1-768x576.jpg\" class=\"attachment-medium_large size-medium_large\" alt=\"\" decoding=\"async\" loading=\"lazy\" srcset=\"https:\/\/sibi.ufal.br\/portal\/wp-content\/uploads\/2019\/12\/Bibliotecas1-768x576.jpg 768w, https:\/\/sibi.ufal.br\/portal\/wp-content\/uploads\/2019\/12\/Bibliotecas1-300x225.jpg 300w, https:\/\/sibi.ufal.br\/portal\/wp-content\/uploads\/2019\/12\/Bibliotecas1-1024x768.jpg 1024w, https:\/\/sibi.ufal.br\/portal\/wp-content\/uploads\/2019\/12\/Bibliotecas1.jpg 1042w\" sizes=\"(max-width: 768px) 100vw, 768px\" \/><\/a>\n\t\t\t<\/div><\/figure><figure class='gallery-item'>\n\t\t\t<div class='gallery-icon landscape'>\n\t\t\t\t<a data-elementor-open-lightbox=\"default\" data-elementor-lightbox-slideshow=\"b6f5308\" href='https:\/\/sibi.ufal.br\/portal\/wp-content\/uploads\/2019\/12\/Bibliotecas1-001.jpg'><img width=\"768\" height=\"576\" src=\"https:\/\/sibi.ufal.br\/portal\/wp-content\/uploads\/2019\/12\/Bibliotecas1-001-768x576.jpg\" class=\"attachment-medium_large size-medium_large\" alt=\"\" decoding=\"async\" loading=\"lazy\" srcset=\"https:\/\/sibi.ufal.br\/portal\/wp-content\/uploads\/2019\/12\/Bibliotecas1-001-768x576.jpg 768w, https:\/\/sibi.ufal.br\/portal\/wp-content\/uploads\/2019\/12\/Bibliotecas1-001-300x225.jpg 300w, https:\/\/sibi.ufal.br\/portal\/wp-content\/uploads\/2019\/12\/Bibliotecas1-001-1024x768.jpg 1024w, https:\/\/sibi.ufal.br\/portal\/wp-content\/uploads\/2019\/12\/Bibliotecas1-001.jpg 1090w\" sizes=\"(max-width: 768px) 100vw, 768px\" \/><\/a>\n\t\t\t<\/div><\/figure><figure class='gallery-item'>\n\t\t\t<div class='gallery-icon landscape'>\n\t\t\t\t<a data-elementor-open-lightbox=\"default\" data-elementor-lightbox-slideshow=\"b6f5308\" href='https:\/\/sibi.ufal.br\/portal\/wp-content\/uploads\/2019\/12\/Bibliotecas1-004.jpg'><img width=\"768\" height=\"576\" src=\"https:\/\/sibi.ufal.br\/portal\/wp-content\/uploads\/2019\/12\/Bibliotecas1-004-768x576.jpg\" class=\"attachment-medium_large size-medium_large\" alt=\"\" decoding=\"async\" loading=\"lazy\" srcset=\"https:\/\/sibi.ufal.br\/portal\/wp-content\/uploads\/2019\/12\/Bibliotecas1-004-768x576.jpg 768w, https:\/\/sibi.ufal.br\/portal\/wp-content\/uploads\/2019\/12\/Bibliotecas1-004-300x225.jpg 300w, https:\/\/sibi.ufal.br\/portal\/wp-content\/uploads\/2019\/12\/Bibliotecas1-004-1024x768.jpg 1024w, https:\/\/sibi.ufal.br\/portal\/wp-content\/uploads\/2019\/12\/Bibliotecas1-004.jpg 1138w\" sizes=\"(max-width: 768px) 100vw, 768px\" \/><\/a>\n\t\t\t<\/div><\/figure>\n\t\t<\/div>\n\t\t<\/div>\n\t\t\t\t<\/div>\n\t\t\t\t<\/div>\n\t\t\t\t<div class=\"elementor-element elementor-element-ed32eb8 elementor-widget elementor-widget-text-editor\" data-id=\"ed32eb8\" data-element_type=\"widget\" data-widget_type=\"text-editor.default\">\n\t\t\t\t<div class=\"elementor-widget-container\">\n\t\t\t\t\t<div class=\"elementor-text-editor elementor-clearfix\"><p><span style=\"font-weight: 400;\">Localizada no Campus Arapiraca, esta Biblioteca iniciou suas atividades no ano de 2007, e tem como objetivo <\/span><span style=\"font-weight: 400;\">conservar e preservar os acervos impressos e digitais especializados, <\/span><span style=\"font-weight: 400;\">interagir com sua comunidade acad\u00eamica, buscando facilitar o acesso \u00e0 informa\u00e7\u00e3o e colaborar para a constru\u00e7\u00e3o de novos conhecimentos.\u00a0<\/span><\/p><p><span style=\"font-weight: 400;\">Com um acervo constitu\u00eddo de livros, peri\u00f3dicos, TCCs, disserta\u00e7\u00f5es, teses, dentre outros materiais, j\u00e1 catalogado no sistema Pergamum, um gerenciador dos servi\u00e7os t\u00e9cnicos bibliot\u00e9carios, busca oferecer suporte informacional aos cursos de gradua\u00e7\u00e3o em Administra\u00e7\u00e3o, Agronomia e Arquitetura, como tamb\u00e9m aos cursos de P\u00f3s-Gradua\u00e7\u00e3o.<\/span><\/p><p><span style=\"font-weight: 400;\">Possui um amplo e aconchegante espa\u00e7o para estudos, e disponibiliza \u00e0 sua comunidade acad\u00eamica, tamb\u00e9m, o Reposit\u00f3rio Institucional da BCA, um sistema de informa\u00e7\u00e3o digital que re\u00fane de forma organizada <\/span><span style=\"font-weight: 400;\">a produ\u00e7\u00e3o cient\u00edfica produzida no \u00e2mbito acad\u00eamico.\u00a0<\/span><\/p><p><b>Hor\u00e1rio de funcionamento: <\/b><span style=\"font-weight: 400;\">de segunda a sexta, das <\/span><b>07h30 \u00e0s 21h.<\/b><\/p><p><b>Endere\u00e7o: <\/b><span style=\"font-weight: 400;\">Av. Manoel Severino Barbosa s\/n, CEP.: 57.309-005, Bom Sucesso. Arapiraca &#8211; AL.<\/span><\/p><p><b>Lista de Servi\u00e7os:\u00a0<\/b><\/p><p>&#8211; Cataloga\u00e7\u00e3o na Fonte<\/p><p><span style=\"font-weight: 400;\">&#8211; Consulta ao Cat\u00e1logo<\/span><\/p><p><span style=\"font-weight: 400;\">&#8211; Empr\u00e9stimo Domiciliar<\/span><\/p><p><b>Bibliotec\u00e1ria respons\u00e1vel: <\/b>Gerlane Costa Silva de Farias<\/p><p><b>E-mail:\u00a0<\/b><span style=\"font-weight: 400;\">bsca@arapiraca.ufal.br<\/span><\/p><p><b>Telefones: <\/b><span style=\"font-weight: 400;\">(82) 3482-1817 \/ 3482-1835 \/ 3482-1837<\/span><\/p><p><b>Facebook: <\/b><span style=\"font-weight: 400;\">https:\/\/www.facebook.com\/bca.bibliotecacampusdearapiraca<\/span><\/p><p><b>Instagram: <\/b><span style=\"font-weight: 400;\">@bibliotecacampusarapiraca<\/span><\/p><p><b>Site:<\/b> <a href=\"http:\/\/central.arapiraca.ufal.br\/sibi\/\"><span style=\"font-weight: 400;\">http:\/\/central.arapiraca.ufal.br\/sibi\/<\/span><\/a><\/p><p><b>Reposit\u00f3rio Institucional:<\/b><span style=\"font-weight: 400;\"> ud10.arapiraca.ufal.br<\/span><\/p><\/div>\n\t\t\t\t<\/div>\n\t\t\t\t<\/div>\n\t\t\t\t\t\t<\/div>\n\t\t\t<\/div>\n\t\t<\/div>\n\t\t\t\t\t\t<\/div>\n\t\t\t<\/div>\n\t\t<\/section>\n\t\t\t\t\t\t<\/div>\n\t\t\t<\/div>\n\t\t<\/div>\n\t\t","protected":false},"excerpt":{"rendered":"<p>Biblioteca Campus Arapiraca &#8211; BCA Localizada no Campus Arapiraca, esta Biblioteca iniciou suas atividades no ano de 2007, e tem como objetivo conservar e preservar os acervos impressos e digitais especializados, interagir com sua comunidade acad\u00eamica, buscando facilitar o acesso \u00e0 informa\u00e7\u00e3o e colaborar para a constru\u00e7\u00e3o de novos conhecimentos.\u00a0 Com um acervo constitu\u00eddo de [&hellip;]<\/p>\n","protected":false},"author":1,"featured_media":0,"parent":554,"menu_order":0,"comment_status":"closed","ping_status":"closed","template":"","meta":[],"_links":{"self":[{"href":"https:\/\/sibi.ufal.br\/portal\/index.php?rest_route=\/wp\/v2\/pages\/556"}],"collection":[{"href":"https:\/\/sibi.ufal.br\/portal\/index.php?rest_route=\/wp\/v2\/pages"}],"about":[{"href":"https:\/\/sibi.ufal.br\/portal\/index.php?rest_route=\/wp\/v2\/types\/page"}],"author":[{"embeddable":true,"href":"https:\/\/sibi.ufal.br\/portal\/index.php?rest_route=\/wp\/v2\/users\/1"}],"replies":[{"embeddable":true,"href":"https:\/\/sibi.ufal.br\/portal\/index.php?rest_route=%2Fwp%2Fv2%2Fcomments&post=556"}],"version-history":[{"count":11,"href":"https:\/\/sibi.ufal.br\/portal\/index.php?rest_route=\/wp\/v2\/pages\/556\/revisions"}],"predecessor-version":[{"id":3320,"href":"https:\/\/sibi.ufal.br\/portal\/index.php?rest_route=\/wp\/v2\/pages\/556\/revisions\/3320"}],"up":[{"embeddable":true,"href":"https:\/\/sibi.ufal.br\/portal\/index.php?rest_route=\/wp\/v2\/pages\/554"}],"wp:attachment":[{"href":"https:\/\/sibi.ufal.br\/portal\/index.php?rest_route=%2Fwp%2Fv2%2Fmedia&parent=556"}],"curies":[{"name":"wp","href":"https:\/\/api.w.org\/{rel}","templated":true}]}}