{"id":570,"date":"2019-09-07T13:46:24","date_gmt":"2019-09-07T16:46:24","guid":{"rendered":"http:\/\/seer.ufal.br\/portalsibi\/?page_id=570"},"modified":"2022-09-22T14:06:46","modified_gmt":"2022-09-22T17:06:46","slug":"santana","status":"publish","type":"page","link":"https:\/\/sibi.ufal.br\/portal\/?page_id=570","title":{"rendered":"Santana"},"content":{"rendered":"\t\t<div data-elementor-type=\"post\" data-elementor-id=\"570\" class=\"elementor elementor-570\" data-elementor-settings=\"[]\">\n\t\t\t<div class=\"elementor-inner\">\n\t\t\t\t<div class=\"elementor-section-wrap\">\n\t\t\t\t\t\t\t<section class=\"elementor-element elementor-element-cdb054d elementor-section-boxed elementor-section-height-default elementor-section-height-default elementor-section elementor-top-section\" data-id=\"cdb054d\" data-element_type=\"section\">\n\t\t\t\t\t\t<div class=\"elementor-container elementor-column-gap-default\">\n\t\t\t\t<div class=\"elementor-row\">\n\t\t\t\t<div class=\"elementor-element elementor-element-99147ed elementor-column elementor-col-100 elementor-top-column\" data-id=\"99147ed\" data-element_type=\"column\">\n\t\t\t<div class=\"elementor-column-wrap  elementor-element-populated\">\n\t\t\t\t\t<div class=\"elementor-widget-wrap\">\n\t\t\t\t<div class=\"elementor-element elementor-element-383d18d elementor-invisible elementor-widget elementor-widget-heading\" data-id=\"383d18d\" data-element_type=\"widget\" data-settings=\"{&quot;_animation&quot;:&quot;fadeInLeft&quot;}\" data-widget_type=\"heading.default\">\n\t\t\t\t<div class=\"elementor-widget-container\">\n\t\t\t<h2 class=\"elementor-heading-title elementor-size-default\">Biblioteca - Unidade Santana do Ipanema<\/h2>\t\t<\/div>\n\t\t\t\t<\/div>\n\t\t\t\t\t\t<\/div>\n\t\t\t<\/div>\n\t\t<\/div>\n\t\t\t\t\t\t<\/div>\n\t\t\t<\/div>\n\t\t<\/section>\n\t\t\t\t<section class=\"elementor-element elementor-element-58dfa26 elementor-section-boxed elementor-section-height-default elementor-section-height-default elementor-section elementor-top-section\" data-id=\"58dfa26\" data-element_type=\"section\">\n\t\t\t\t\t\t<div class=\"elementor-container elementor-column-gap-default\">\n\t\t\t\t<div class=\"elementor-row\">\n\t\t\t\t<div class=\"elementor-element elementor-element-adee384 elementor-column elementor-col-100 elementor-top-column\" data-id=\"adee384\" data-element_type=\"column\">\n\t\t\t<div class=\"elementor-column-wrap  elementor-element-populated\">\n\t\t\t\t\t<div class=\"elementor-widget-wrap\">\n\t\t\t\t<div class=\"elementor-element elementor-element-990bded elementor-invisible elementor-widget elementor-widget-divider\" data-id=\"990bded\" data-element_type=\"widget\" data-settings=\"{&quot;_animation&quot;:&quot;fadeInRight&quot;}\" data-widget_type=\"divider.default\">\n\t\t\t\t<div class=\"elementor-widget-container\">\n\t\t\t\t\t<div class=\"elementor-divider\">\n\t\t\t<span class=\"elementor-divider-separator\"><\/span>\n\t\t<\/div>\n\t\t\t\t<\/div>\n\t\t\t\t<\/div>\n\t\t\t\t\t\t<\/div>\n\t\t\t<\/div>\n\t\t<\/div>\n\t\t\t\t\t\t<\/div>\n\t\t\t<\/div>\n\t\t<\/section>\n\t\t\t\t<section class=\"elementor-element elementor-element-c9a868b elementor-section-boxed elementor-section-height-default elementor-section-height-default elementor-section elementor-top-section\" data-id=\"c9a868b\" data-element_type=\"section\">\n\t\t\t\t\t\t<div class=\"elementor-container elementor-column-gap-default\">\n\t\t\t\t<div class=\"elementor-row\">\n\t\t\t\t<div class=\"elementor-element elementor-element-20ffb7e elementor-column elementor-col-100 elementor-top-column\" data-id=\"20ffb7e\" data-element_type=\"column\">\n\t\t\t<div class=\"elementor-column-wrap  elementor-element-populated\">\n\t\t\t\t\t<div class=\"elementor-widget-wrap\">\n\t\t\t\t<div class=\"elementor-element elementor-element-315761b elementor-widget elementor-widget-image-gallery\" data-id=\"315761b\" data-element_type=\"widget\" data-widget_type=\"image-gallery.default\">\n\t\t\t\t<div class=\"elementor-widget-container\">\n\t\t\t\t\t<div class=\"elementor-image-gallery\">\n\t\t\t<div id='gallery-1' class='gallery galleryid-570 gallery-columns-3 gallery-size-medium_large'><figure class='gallery-item'>\n\t\t\t<div class='gallery-icon landscape'>\n\t\t\t\t<a data-elementor-open-lightbox=\"default\" data-elementor-lightbox-slideshow=\"315761b\" href='https:\/\/sibi.ufal.br\/portal\/wp-content\/uploads\/2019\/12\/Bibliotecas1-001-1.jpg'><img width=\"768\" height=\"576\" src=\"https:\/\/sibi.ufal.br\/portal\/wp-content\/uploads\/2019\/12\/Bibliotecas1-001-1-768x576.jpg\" class=\"attachment-medium_large size-medium_large\" alt=\"\" decoding=\"async\" loading=\"lazy\" srcset=\"https:\/\/sibi.ufal.br\/portal\/wp-content\/uploads\/2019\/12\/Bibliotecas1-001-1-768x576.jpg 768w, https:\/\/sibi.ufal.br\/portal\/wp-content\/uploads\/2019\/12\/Bibliotecas1-001-1-300x225.jpg 300w, https:\/\/sibi.ufal.br\/portal\/wp-content\/uploads\/2019\/12\/Bibliotecas1-001-1-1024x768.jpg 1024w, https:\/\/sibi.ufal.br\/portal\/wp-content\/uploads\/2019\/12\/Bibliotecas1-001-1.jpg 1280w\" sizes=\"(max-width: 768px) 100vw, 768px\" \/><\/a>\n\t\t\t<\/div><\/figure><figure class='gallery-item'>\n\t\t\t<div class='gallery-icon landscape'>\n\t\t\t\t<a data-elementor-open-lightbox=\"default\" data-elementor-lightbox-slideshow=\"315761b\" href='https:\/\/sibi.ufal.br\/portal\/wp-content\/uploads\/2019\/12\/Bibliotecas1-002.jpg'><img width=\"768\" height=\"576\" src=\"https:\/\/sibi.ufal.br\/portal\/wp-content\/uploads\/2019\/12\/Bibliotecas1-002-768x576.jpg\" class=\"attachment-medium_large size-medium_large\" alt=\"\" decoding=\"async\" loading=\"lazy\" srcset=\"https:\/\/sibi.ufal.br\/portal\/wp-content\/uploads\/2019\/12\/Bibliotecas1-002-768x576.jpg 768w, https:\/\/sibi.ufal.br\/portal\/wp-content\/uploads\/2019\/12\/Bibliotecas1-002-300x225.jpg 300w, https:\/\/sibi.ufal.br\/portal\/wp-content\/uploads\/2019\/12\/Bibliotecas1-002-1024x768.jpg 1024w, https:\/\/sibi.ufal.br\/portal\/wp-content\/uploads\/2019\/12\/Bibliotecas1-002.jpg 1280w\" sizes=\"(max-width: 768px) 100vw, 768px\" \/><\/a>\n\t\t\t<\/div><\/figure><figure class='gallery-item'>\n\t\t\t<div class='gallery-icon landscape'>\n\t\t\t\t<a data-elementor-open-lightbox=\"default\" data-elementor-lightbox-slideshow=\"315761b\" href='https:\/\/sibi.ufal.br\/portal\/wp-content\/uploads\/2019\/12\/Bibliotecas1-1.jpg'><img width=\"768\" height=\"576\" src=\"https:\/\/sibi.ufal.br\/portal\/wp-content\/uploads\/2019\/12\/Bibliotecas1-1-768x576.jpg\" class=\"attachment-medium_large size-medium_large\" alt=\"\" decoding=\"async\" loading=\"lazy\" srcset=\"https:\/\/sibi.ufal.br\/portal\/wp-content\/uploads\/2019\/12\/Bibliotecas1-1-768x576.jpg 768w, https:\/\/sibi.ufal.br\/portal\/wp-content\/uploads\/2019\/12\/Bibliotecas1-1-300x225.jpg 300w, https:\/\/sibi.ufal.br\/portal\/wp-content\/uploads\/2019\/12\/Bibliotecas1-1-1024x768.jpg 1024w, https:\/\/sibi.ufal.br\/portal\/wp-content\/uploads\/2019\/12\/Bibliotecas1-1.jpg 1280w\" sizes=\"(max-width: 768px) 100vw, 768px\" \/><\/a>\n\t\t\t<\/div><\/figure>\n\t\t<\/div>\n\t\t<\/div>\n\t\t\t\t<\/div>\n\t\t\t\t<\/div>\n\t\t\t\t<div class=\"elementor-element elementor-element-bba1575 elementor-widget elementor-widget-text-editor\" data-id=\"bba1575\" data-element_type=\"widget\" data-widget_type=\"text-editor.default\">\n\t\t\t\t<div class=\"elementor-widget-container\">\n\t\t\t\t\t<div class=\"elementor-text-editor elementor-clearfix\"><p><span style=\"font-weight: 400;\">Em 2010, a Biblioteca da Unidade Santana do Ipanema, ligada ao Campus Sert\u00e3o, iniciou suas atividades, data em que, tamb\u00e9m, foram implantados o Campus e a Biblioteca Campus Delmiro Gouveia. Sua cria\u00e7\u00e3o tem por objetivo a conserva\u00e7\u00e3o e a preserva\u00e7\u00e3o de <\/span><span style=\"font-weight: 400;\">acervos impressos e digitais especializados, a <\/span><span style=\"font-weight: 400;\">intera\u00e7\u00e3o com sua comunidade acad\u00eamica, facilitando o acesso \u00e0 informa\u00e7\u00e3o e colaborando com a constru\u00e7\u00e3o de novos conhecimentos.\u00a0<\/span><\/p><p><span style=\"font-weight: 400;\">Seu acervo, constitu\u00eddo de livros, peri\u00f3dicos, TCC, dentre outros materiais, j\u00e1 est\u00e1 catalogado no sistema Pergamum, um gerenciador dos servi\u00e7os t\u00e9cnicos bibliotec\u00e1rios. Assim, busca atender \u00e0s demandas informacionais dos cursos de Gradua\u00e7\u00e3o em Ci\u00eancias Cont\u00e1beis e Ci\u00eancias Econ\u00f4micas.<\/span><\/p><p><b>Hor\u00e1rio de funcionamento: <\/b><span style=\"font-weight: 400;\">de segunda a sexta, das <\/span><b>10h \u00e0s 22h<\/b><\/p><p><b>Endere\u00e7o: <\/b><span style=\"font-weight: 400;\">\u00a0Rua Ant\u00f4nio Tavares, 197, Monumento, Santana do Ipanema, CEP.: 57.500-000.\u00a0 \u00a0 Santana do Ipanema &#8211; AL.<\/span><\/p><p><b>Lista de Servi\u00e7os:\u00a0<\/b><\/p><p>&#8211; <a href=\"http:\/\/sibi.ufal.br\/portal\/wp-content\/uploads\/2021\/03\/Formul\u00e1rio-de-Solicita\u00e7\u00e3o-de-Ficha-Catalogr\u00e1fica_SANTANA-DO-IPANEMA_22032021.odt\">Cataloga\u00e7\u00e3o na Fonte<\/a><\/p><p><span style=\"font-weight: 400;\">&#8211; Consulta ao Cat\u00e1logo<\/span><\/p><p><span style=\"font-weight: 400;\">&#8211; Empr\u00e9stimo Domiciliar<\/span><\/p><p><b>Bibliotec\u00e1ria respons\u00e1vel: <\/b><span style=\"font-weight: 400;\">Larissa Leobino<\/span><\/p><p><b>E-mail:\u00a0<\/b>biblioteca.santana@sibi.ufal.br<\/p><p><b>Telefones: <\/b><span style=\"font-weight: 400;\">(82) 3214-1775<\/span><\/p><p><b>Facebook: <\/b><a href=\"https:\/\/www.facebook.com\/bibliotecaufalsantana\"><span style=\"font-weight: 400;\">https:\/\/www.facebook.com\/bibliotecaufalsantana<\/span><\/a><span style=\"font-weight: 400;\">\u00a0\u00a0<\/span><\/p><p><b>Instagram: <\/b><span style=\"font-weight: 400;\">@bibliotecaufal_santana<\/span><\/p><\/div>\n\t\t\t\t<\/div>\n\t\t\t\t<\/div>\n\t\t\t\t\t\t<\/div>\n\t\t\t<\/div>\n\t\t<\/div>\n\t\t\t\t\t\t<\/div>\n\t\t\t<\/div>\n\t\t<\/section>\n\t\t\t\t\t\t<\/div>\n\t\t\t<\/div>\n\t\t<\/div>\n\t\t","protected":false},"excerpt":{"rendered":"<p>Biblioteca &#8211; Unidade Santana do Ipanema Em 2010, a Biblioteca da Unidade Santana do Ipanema, ligada ao Campus Sert\u00e3o, iniciou suas atividades, data em que, tamb\u00e9m, foram implantados o Campus e a Biblioteca Campus Delmiro Gouveia. Sua cria\u00e7\u00e3o tem por objetivo a conserva\u00e7\u00e3o e a preserva\u00e7\u00e3o de acervos impressos e digitais especializados, a intera\u00e7\u00e3o com [&hellip;]<\/p>\n","protected":false},"author":1,"featured_media":0,"parent":566,"menu_order":0,"comment_status":"closed","ping_status":"closed","template":"","meta":[],"_links":{"self":[{"href":"https:\/\/sibi.ufal.br\/portal\/index.php?rest_route=\/wp\/v2\/pages\/570"}],"collection":[{"href":"https:\/\/sibi.ufal.br\/portal\/index.php?rest_route=\/wp\/v2\/pages"}],"about":[{"href":"https:\/\/sibi.ufal.br\/portal\/index.php?rest_route=\/wp\/v2\/types\/page"}],"author":[{"embeddable":true,"href":"https:\/\/sibi.ufal.br\/portal\/index.php?rest_route=\/wp\/v2\/users\/1"}],"replies":[{"embeddable":true,"href":"https:\/\/sibi.ufal.br\/portal\/index.php?rest_route=%2Fwp%2Fv2%2Fcomments&post=570"}],"version-history":[{"count":10,"href":"https:\/\/sibi.ufal.br\/portal\/index.php?rest_route=\/wp\/v2\/pages\/570\/revisions"}],"predecessor-version":[{"id":3258,"href":"https:\/\/sibi.ufal.br\/portal\/index.php?rest_route=\/wp\/v2\/pages\/570\/revisions\/3258"}],"up":[{"embeddable":true,"href":"https:\/\/sibi.ufal.br\/portal\/index.php?rest_route=\/wp\/v2\/pages\/566"}],"wp:attachment":[{"href":"https:\/\/sibi.ufal.br\/portal\/index.php?rest_route=%2Fwp%2Fv2%2Fmedia&parent=570"}],"curies":[{"name":"wp","href":"https:\/\/api.w.org\/{rel}","templated":true}]}}