{"id":573,"date":"2019-09-07T13:48:38","date_gmt":"2019-09-07T16:48:38","guid":{"rendered":"http:\/\/seer.ufal.br\/portalsibi\/?page_id=573"},"modified":"2019-11-28T01:10:29","modified_gmt":"2019-11-28T04:10:29","slug":"emprestimo-domiciliar","status":"publish","type":"page","link":"https:\/\/sibi.ufal.br\/portal\/?page_id=573","title":{"rendered":"Empr\u00e9stimo Domiciliar"},"content":{"rendered":"\t\t<div data-elementor-type=\"post\" data-elementor-id=\"573\" class=\"elementor elementor-573\" data-elementor-settings=\"[]\">\n\t\t\t<div class=\"elementor-inner\">\n\t\t\t\t<div class=\"elementor-section-wrap\">\n\t\t\t\t\t\t\t<section class=\"elementor-element elementor-element-aefdb50 elementor-section-boxed elementor-section-height-default elementor-section-height-default elementor-section elementor-top-section\" data-id=\"aefdb50\" data-element_type=\"section\">\n\t\t\t\t\t\t<div class=\"elementor-container elementor-column-gap-default\">\n\t\t\t\t<div class=\"elementor-row\">\n\t\t\t\t<div class=\"elementor-element elementor-element-e5001b5 elementor-column elementor-col-100 elementor-top-column\" data-id=\"e5001b5\" data-element_type=\"column\">\n\t\t\t<div class=\"elementor-column-wrap  elementor-element-populated\">\n\t\t\t\t\t<div class=\"elementor-widget-wrap\">\n\t\t\t\t<div class=\"elementor-element elementor-element-ffc63b6 elementor-invisible elementor-widget elementor-widget-heading\" data-id=\"ffc63b6\" data-element_type=\"widget\" data-settings=\"{&quot;_animation&quot;:&quot;fadeInLeft&quot;}\" data-widget_type=\"heading.default\">\n\t\t\t\t<div class=\"elementor-widget-container\">\n\t\t\t<h2 class=\"elementor-heading-title elementor-size-default\">Empr\u00e9stimo Domiciliar<\/h2>\t\t<\/div>\n\t\t\t\t<\/div>\n\t\t\t\t<div class=\"elementor-element elementor-element-fdc4f82 elementor-button-info elementor-align-right elementor-absolute elementor-widget elementor-widget-button\" data-id=\"fdc4f82\" data-element_type=\"widget\" data-settings=\"{&quot;_position&quot;:&quot;absolute&quot;}\" data-widget_type=\"button.default\">\n\t\t\t\t<div class=\"elementor-widget-container\">\n\t\t\t\t\t<div class=\"elementor-button-wrapper\">\n\t\t\t<a href=\"http:\/\/pergamum.ufal.br\/pergamum\/biblioteca_s\/php\/login_usu.php?flag=index.php\" class=\"elementor-button-link elementor-button elementor-size-sm\" role=\"button\">\n\t\t\t\t\t\t<span class=\"elementor-button-content-wrapper\">\n\t\t\t\t\t\t<span class=\"elementor-button-text\">Clique aqui<\/span>\n\t\t<\/span>\n\t\t\t\t\t<\/a>\n\t\t<\/div>\n\t\t\t\t<\/div>\n\t\t\t\t<\/div>\n\t\t\t\t\t\t<\/div>\n\t\t\t<\/div>\n\t\t<\/div>\n\t\t\t\t\t\t<\/div>\n\t\t\t<\/div>\n\t\t<\/section>\n\t\t\t\t<section class=\"elementor-element elementor-element-568c0f0 elementor-section-boxed elementor-section-height-default elementor-section-height-default elementor-section elementor-top-section\" data-id=\"568c0f0\" data-element_type=\"section\">\n\t\t\t\t\t\t<div class=\"elementor-container elementor-column-gap-default\">\n\t\t\t\t<div class=\"elementor-row\">\n\t\t\t\t<div class=\"elementor-element elementor-element-e47bc53 elementor-column elementor-col-100 elementor-top-column\" data-id=\"e47bc53\" data-element_type=\"column\">\n\t\t\t<div class=\"elementor-column-wrap  elementor-element-populated\">\n\t\t\t\t\t<div class=\"elementor-widget-wrap\">\n\t\t\t\t<div class=\"elementor-element elementor-element-99b05c5 elementor-invisible elementor-widget elementor-widget-divider\" data-id=\"99b05c5\" data-element_type=\"widget\" data-settings=\"{&quot;_animation&quot;:&quot;fadeInRight&quot;}\" data-widget_type=\"divider.default\">\n\t\t\t\t<div class=\"elementor-widget-container\">\n\t\t\t\t\t<div class=\"elementor-divider\">\n\t\t\t<span class=\"elementor-divider-separator\"><\/span>\n\t\t<\/div>\n\t\t\t\t<\/div>\n\t\t\t\t<\/div>\n\t\t\t\t\t\t<\/div>\n\t\t\t<\/div>\n\t\t<\/div>\n\t\t\t\t\t\t<\/div>\n\t\t\t<\/div>\n\t\t<\/section>\n\t\t\t\t<section class=\"elementor-element elementor-element-1b8756e elementor-section-boxed elementor-section-height-default elementor-section-height-default elementor-section elementor-top-section\" data-id=\"1b8756e\" data-element_type=\"section\">\n\t\t\t\t\t\t<div class=\"elementor-container elementor-column-gap-default\">\n\t\t\t\t<div class=\"elementor-row\">\n\t\t\t\t<div class=\"elementor-element elementor-element-8cde0eb elementor-column elementor-col-100 elementor-top-column\" data-id=\"8cde0eb\" data-element_type=\"column\">\n\t\t\t<div class=\"elementor-column-wrap  elementor-element-populated\">\n\t\t\t\t\t<div class=\"elementor-widget-wrap\">\n\t\t\t\t<section class=\"elementor-element elementor-element-f1063ac elementor-section-boxed elementor-section-height-default elementor-section-height-default elementor-section elementor-inner-section\" data-id=\"f1063ac\" data-element_type=\"section\">\n\t\t\t\t\t\t<div class=\"elementor-container elementor-column-gap-default\">\n\t\t\t\t<div class=\"elementor-row\">\n\t\t\t\t<div class=\"elementor-element elementor-element-2f4ee0a elementor-column elementor-col-50 elementor-inner-column\" data-id=\"2f4ee0a\" data-element_type=\"column\">\n\t\t\t<div class=\"elementor-column-wrap  elementor-element-populated\">\n\t\t\t\t\t<div class=\"elementor-widget-wrap\">\n\t\t\t\t<div class=\"elementor-element elementor-element-3c0e3bc elementor-widget elementor-widget-image\" data-id=\"3c0e3bc\" data-element_type=\"widget\" data-widget_type=\"image.default\">\n\t\t\t\t<div class=\"elementor-widget-container\">\n\t\t\t\t\t<div class=\"elementor-image\">\n\t\t\t\t\t\t\t\t\t\t<img width=\"1024\" height=\"1024\" src=\"https:\/\/sibi.ufal.br\/portal\/wp-content\/uploads\/2019\/11\/EMPR\u00c9STIMO-1024x1024.jpg\" class=\"attachment-large size-large\" alt=\"\" decoding=\"async\" loading=\"lazy\" srcset=\"https:\/\/sibi.ufal.br\/portal\/wp-content\/uploads\/2019\/11\/EMPR\u00c9STIMO-1024x1024.jpg 1024w, https:\/\/sibi.ufal.br\/portal\/wp-content\/uploads\/2019\/11\/EMPR\u00c9STIMO-150x150.jpg 150w, https:\/\/sibi.ufal.br\/portal\/wp-content\/uploads\/2019\/11\/EMPR\u00c9STIMO-300x300.jpg 300w, https:\/\/sibi.ufal.br\/portal\/wp-content\/uploads\/2019\/11\/EMPR\u00c9STIMO-768x768.jpg 768w, https:\/\/sibi.ufal.br\/portal\/wp-content\/uploads\/2019\/11\/EMPR\u00c9STIMO.jpg 1500w\" sizes=\"(max-width: 1024px) 100vw, 1024px\" \/>\t\t\t\t\t\t\t\t\t\t\t<\/div>\n\t\t\t\t<\/div>\n\t\t\t\t<\/div>\n\t\t\t\t\t\t<\/div>\n\t\t\t<\/div>\n\t\t<\/div>\n\t\t\t\t<div class=\"elementor-element elementor-element-5348028 elementor-column elementor-col-50 elementor-inner-column\" data-id=\"5348028\" data-element_type=\"column\">\n\t\t\t<div class=\"elementor-column-wrap  elementor-element-populated\">\n\t\t\t\t\t<div class=\"elementor-widget-wrap\">\n\t\t\t\t<div class=\"elementor-element elementor-element-31fd6cb elementor-widget elementor-widget-text-editor\" data-id=\"31fd6cb\" data-element_type=\"widget\" data-widget_type=\"text-editor.default\">\n\t\t\t\t<div class=\"elementor-widget-container\">\n\t\t\t\t\t<div class=\"elementor-text-editor elementor-clearfix\"><p><span style=\"font-weight: 400;\">O<\/span> <span style=\"font-weight: 400;\">Empr\u00e9stimo Domiciliar \u00e9 exclusivo para a Comunidade da Ufal: estudantes (Gradua\u00e7\u00e3o e P\u00f3s-Gradua\u00e7\u00e3o), Servidores Docentes e T\u00e9cnico-Administrativos, que tenham v\u00ednculo ativo com a Ufal. Servi\u00e7o que permite a retirada de livros do acervo das bibliotecas do SiBi\/Ufal, por um per\u00edodo pr\u00e9-determinado.\u00a0<\/span><\/p><p><span style=\"font-weight: 400;\">O acervo das bibliotecas estar\u00e1 dispon\u00edvel \u00e0 Comunidade Geral (usu\u00e1rios sem v\u00ednculo ativo com a Ufal), apenas, para a consulta <\/span><i><span style=\"font-weight: 400;\">in loco<\/span><\/i><span style=\"font-weight: 400;\">, ou seja, aquela realizada nos espa\u00e7os das bibliotecas.<\/span><\/p><p><span style=\"font-weight: 400;\">Para usufruir desse servi\u00e7o, faz-se necess\u00e1rio que o usu\u00e1rio possua um cadastro em quaisquer de nossas bibliotecas.\u00a0<\/span><\/p><p><b>Cadastro<\/b><\/p><p><span style=\"font-weight: 400;\">Se<\/span><span style=\"font-weight: 400;\"> voc\u00ea ainda n\u00e3o \u00e9 cadastrado, procure uma de nossas bibliotecas e realize os seguintes procedimentos:<\/span><\/p><p><span style=\"font-weight: 400;\">&#8211; Apresente um documento de identidade com foto, v\u00e1lido em todo territ\u00f3rio nacional;<\/span><\/p><p><span style=\"font-weight: 400;\">&#8211; Efetue o registro de sua biometria; e\u00a0<\/span><\/p><p><span style=\"font-weight: 400;\">&#8211; Defina a sua senha.<\/span><\/p><p><span style=\"font-weight: 400;\">Os setores de empr\u00e9stimo de nossas bibliotecas realizam esse servi\u00e7o por meio de identifica\u00e7\u00e3o biom\u00e9trica (digital) e senha, pessoal e intransfer\u00edvel, assim, advertimos que nenhuma biblioteca se responsabilizar\u00e1 pelo empr\u00e9stimo de livros da Ufal, realizado entre os usu\u00e1rios.\u00a0<\/span><\/p><p><b>Prazos e Quantidades<\/b><\/p><p><span style=\"font-weight: 400;\">&#8211; <\/span><b>Servidor Docente e\/ou Pesquisador:<\/b><span style=\"font-weight: 400;\"> podem levar por empr\u00e9stimo at\u00e9 05 (cinco) livros por vez, com prazo de devolu\u00e7\u00e3o de at\u00e9 30 (trinta) dias;<\/span><\/p><p><span style=\"font-weight: 400;\">&#8211; <\/span><b>Estudantes e Servidores T\u00e9cnico-Administrativos:<\/b><span style=\"font-weight: 400;\"> podem levar por empr\u00e9stimo at\u00e9 05 (cinco) livros por vez, com prazo de devolu\u00e7\u00e3o de at\u00e9 15 (quinze) dias.<\/span><\/p><p dir=\"ltr\"><strong>A Devolu\u00e7\u00e3o de Livros<\/strong><\/p><p dir=\"ltr\">&#8211; Em caso de atraso na devolu\u00e7\u00e3o do material bibliogr\u00e1fico, ser\u00e1 cobrada uma taxa no valor de R$1,00 por dia e por obra, conforme a Resolu\u00e7\u00e3o n. 19\/90 e 060791 Consuni;<\/p><p dir=\"ltr\">&#8211; O cumprimento dos prazos de devolu\u00e7\u00e3o \u00e9 de inteira responsabilidade do usu\u00e1rio. Os prazos de entrega podem ser verificados por meio do Meu Pergamum, no portal eletr\u00f4nico do SiBi\/Ufal. A biblioteca oferece o servi\u00e7o complementar de envios autom\u00e1ticos de e-mails que avisam a data de devolu\u00e7\u00e3o do(s) livro(s), por\u00e9m, isso n\u00e3o isenta o usu\u00e1rio do pagamento de eventuais multas, caso n\u00e3o os tenha recebido.<\/p><p dir=\"ltr\">Obs.: \u00a0a perda ou o roubo do livro que estiver sob a responsabilidade do usu\u00e1rio, deve ser comunicada imediatamente \u00e0 coordena\u00e7\u00e3o da biblioteca a qual o livro pertence.<\/p><\/div>\n\t\t\t\t<\/div>\n\t\t\t\t<\/div>\n\t\t\t\t\t\t<\/div>\n\t\t\t<\/div>\n\t\t<\/div>\n\t\t\t\t\t\t<\/div>\n\t\t\t<\/div>\n\t\t<\/section>\n\t\t\t\t\t\t<\/div>\n\t\t\t<\/div>\n\t\t<\/div>\n\t\t\t\t\t\t<\/div>\n\t\t\t<\/div>\n\t\t<\/section>\n\t\t\t\t\t\t<\/div>\n\t\t\t<\/div>\n\t\t<\/div>\n\t\t","protected":false},"excerpt":{"rendered":"<p>Empr\u00e9stimo Domiciliar Clique aqui O Empr\u00e9stimo Domiciliar \u00e9 exclusivo para a Comunidade da Ufal: estudantes (Gradua\u00e7\u00e3o e P\u00f3s-Gradua\u00e7\u00e3o), Servidores Docentes e T\u00e9cnico-Administrativos, que tenham v\u00ednculo ativo com a Ufal. Servi\u00e7o que permite a retirada de livros do acervo das bibliotecas do SiBi\/Ufal, por um per\u00edodo pr\u00e9-determinado.\u00a0 O acervo das bibliotecas estar\u00e1 dispon\u00edvel \u00e0 Comunidade Geral [&hellip;]<\/p>\n","protected":false},"author":1,"featured_media":0,"parent":0,"menu_order":0,"comment_status":"closed","ping_status":"closed","template":"","meta":[],"_links":{"self":[{"href":"https:\/\/sibi.ufal.br\/portal\/index.php?rest_route=\/wp\/v2\/pages\/573"}],"collection":[{"href":"https:\/\/sibi.ufal.br\/portal\/index.php?rest_route=\/wp\/v2\/pages"}],"about":[{"href":"https:\/\/sibi.ufal.br\/portal\/index.php?rest_route=\/wp\/v2\/types\/page"}],"author":[{"embeddable":true,"href":"https:\/\/sibi.ufal.br\/portal\/index.php?rest_route=\/wp\/v2\/users\/1"}],"replies":[{"embeddable":true,"href":"https:\/\/sibi.ufal.br\/portal\/index.php?rest_route=%2Fwp%2Fv2%2Fcomments&post=573"}],"version-history":[{"count":9,"href":"https:\/\/sibi.ufal.br\/portal\/index.php?rest_route=\/wp\/v2\/pages\/573\/revisions"}],"predecessor-version":[{"id":1717,"href":"https:\/\/sibi.ufal.br\/portal\/index.php?rest_route=\/wp\/v2\/pages\/573\/revisions\/1717"}],"wp:attachment":[{"href":"https:\/\/sibi.ufal.br\/portal\/index.php?rest_route=%2Fwp%2Fv2%2Fmedia&parent=573"}],"curies":[{"name":"wp","href":"https:\/\/api.w.org\/{rel}","templated":true}]}}